{"id":1664,"date":"2021-04-07T18:52:12","date_gmt":"2021-04-07T18:52:12","guid":{"rendered":"https:\/\/atmendesyoga.de\/?page_id=1664"},"modified":"2022-05-30T11:47:14","modified_gmt":"2022-05-30T11:47:14","slug":"in-zeiten-der-pandemie","status":"publish","type":"page","link":"https:\/\/atmendesyoga.de\/?page_id=1664","title":{"rendered":"Alles ist mit allem verbunden"},"content":{"rendered":"<div id=\"pl-gb1664-69f49ac4d74c2\"  class=\"panel-layout\" ><div id=\"pg-gb1664-69f49ac4d74c2-0\"  class=\"panel-grid panel-has-style\" ><div class=\"panel-row-style panel-row-style-for-gb1664-69f49ac4d74c2-0\" ><div id=\"pgc-gb1664-69f49ac4d74c2-0-0\"  class=\"panel-grid-cell panel-grid-cell-empty\" ><\/div><\/div><\/div><div id=\"pg-gb1664-69f49ac4d74c2-1\"  class=\"panel-grid panel-no-style\" ><div id=\"pgc-gb1664-69f49ac4d74c2-1-0\"  class=\"panel-grid-cell\" ><div id=\"panel-gb1664-69f49ac4d74c2-1-0-0\" class=\"so-panel widget widget_text panel-first-child panel-last-child\" data-index=\"0\" >\t\t\t<div class=\"textwidget\"><p><span style=\"color: #1a1a1a;\"><span style=\"font-family: Verdana, sans-serif;\"><span style=\"font-size: medium;\"><b>S<\/b><b>amatva, Gleichheit, Freiheit<\/b><\/span><\/span><\/span><\/p>\n<p align=\"justify\"><span style=\"font-family: Verdana, sans-serif;\"><span style=\"font-size: medium;\"><span style=\"color: #1a1a1a;\">Alles ist mit allem verbunden \u2013 dieser Satz aus den <\/span><span style=\"color: #1a1a1a;\"><i>Upani<\/i><\/span><span style=\"color: #1a1a1a;\"><i>\u1e63<\/i><\/span><span style=\"color: #1a1a1a;\"><i>aden\u00a0<\/i><\/span><span style=\"color: #1a1a1a;\">wird in seiner Bedeutung <\/span><span style=\"color: #1a1a1a;\">besonders\u00a0<\/span><span style=\"color: #1a1a1a;\">deutlich sp\u00fcrbar in weltumspannenden Krisen wie die Pandemie<\/span><span style=\"color: #1a1a1a;\">. W\u00e4<\/span><span style=\"color: #1a1a1a;\">hrend wir\u00a0<\/span><span style=\"color: #1a1a1a;\">angesichts de<\/span><span style=\"color: #1a1a1a;\">s\u00a0<\/span><span style=\"color: #1a1a1a;\">Klimawandel<\/span><span style=\"color: #1a1a1a;\">s\u00a0<\/span><span style=\"color: #1a1a1a;\">nur langsam <\/span><span style=\"color: #1a1a1a;\">die Bedrohung und <\/span><span style=\"color: #1a1a1a;\">die Dringlichkeit von Ver\u00e4nderungen realisierten, <\/span><span style=\"color: #1a1a1a;\">bringt eine Pandemie innerhalb k\u00fcrzester Zeit den gef\u00e4lligen Lauf der Dinge zum erliegen und verbreitet Schrecken.<\/span><\/span><\/span><\/p>\n<p align=\"justify\"><span style=\"font-family: Verdana, sans-serif;\"><span style=\"font-size: medium;\"><span style=\"color: #1a1a1a;\">Y<\/span><span style=\"color: #1a1a1a;\">oga ist eine spirituelle Tradition. Eine Tradition der Kontemplation, der Weisheit, der Hingabe, des selbstlosen Handelns, der Gewaltfreiheit. Wie sehr unsere\u00a0<\/span><span style=\"color: #1a1a1a;\">heutige,<\/span><span style=\"color: #1a1a1a;\"> normative Zivilisation <\/span><span style=\"color: #1a1a1a;\">dazu im Widerspruch steht, verdeutlicht <\/span><span style=\"color: #1a1a1a;\">ein ersch\u00fctternd<\/span><span style=\"color: #1a1a1a;\">er\u00a0<\/span><span style=\"color: #1a1a1a;\">Bericht von Arundhati Roy in der ZEIT <\/span><span style=\"color: #1a1a1a;\">(16\/2020)\u00a0<\/span><span style=\"color: #1a1a1a;\">\u00fc<\/span><span style=\"color: #1a1a1a;\">ber die aktuelle Situation in Indien, dem Ursprungsland <\/span><span style=\"color: #1a1a1a;\">von Yoga<\/span><span style=\"color: #1a1a1a;\">.\u00a0<\/span><span style=\"color: #1a1a1a;\">Besonders f\u00fcr benachteiligte Menschen nimmt die Krise <\/span><span style=\"color: #1a1a1a;\">dort wie <\/span><span style=\"color: #1a1a1a;\">\u00fcberall\u00a0<\/span><span style=\"color: #1a1a1a;\">sonst\u00a0<\/span><span style=\"color: #1a1a1a;\">auf der Welt eine katastrophale Entwicklung an.\u00a0Schmerzlich\u00a0offenbart sich\u00a0hier\u00a0<\/span><span style=\"color: #1a1a1a;\">die\u00a0<\/span><span style=\"color: #1a1a1a;\">Sch<\/span><span style=\"color: #1a1a1a;\">attenseite\u00a0<\/span><span style=\"color: #1a1a1a;\">eine<\/span><span style=\"color: #1a1a1a;\">r gewohnten Normalit\u00e4t<\/span><span style=\"color: #1a1a1a;\">,\u00a0<\/span><span style=\"color: #1a1a1a;\">die durch soziale und wirtschaftliche Ungleichheit, durch\u00a0<\/span><span style=\"color: #1a1a1a;\">Selbstbezogenheit<\/span><span style=\"color: #1a1a1a;\">,\u00a0<\/span><span style=\"color: #1a1a1a;\">Vorurteile\u00a0<\/span><span style=\"color: #1a1a1a;\">und\u00a0<\/span><span style=\"color: #1a1a1a;\">A<\/span><span style=\"color: #1a1a1a;\">us<\/span><span style=\"color: #1a1a1a;\">grenzung\u00a0<\/span><span style=\"color: #1a1a1a;\">gepr\u00e4gt<\/span><span style=\"color: #1a1a1a;\"> ist.\u00a0<\/span><span style=\"color: #1a1a1a;\">Roy spricht am Ende ihres Artikels an, dass wir uns entscheiden k\u00f6nnen,<\/span><span style=\"color: #1a1a1a;\">ob wir so weiter machen wie bisher oder eine neue Art des Miteinanders entwerfen. <\/span><span style=\"color: #1a1a1a;\">V<\/span><span style=\"color: #1a1a1a;\">iele Menschen \u00e4<\/span><span style=\"color: #1a1a1a;\">u\u00dfern\u00a0<\/span><span style=\"color: #1a1a1a;\">in diesen Tagen <\/span><span style=\"color: #1a1a1a;\">die Hoffnung, dass wir uns neu besinnen.<\/span><\/span><\/span><\/p>\n<p align=\"justify\"><span style=\"color: #1a1a1a;\"><span style=\"font-family: Verdana, sans-serif;\"><span style=\"font-size: medium;\">Die Einsichten, die wir durch Yoga und andere spirituelle \u00dcbungswege gewonnen haben, die Haltungen, die wir entwickelt haben, k\u00f6nnen uns darin unterst\u00fctzen, ein neues Miteinander zu entwerfen und zu leben. Doch die Unersch\u00fctterlichkeit und Reife dieser Erfahrungen wird in einer existentiellen Situation auf die Probe gestellt. Ist es nicht auf ein Mal eher erschreckend, dass wir Teil eines gro\u00dfen, universellen Kreislaufs von Geben und Nehmen sind? K\u00f6nnen wir auch in dieser Situation in unserer Mitte ruhen und gleichzeitig offen sein? Wie k\u00f6nnen wir vertrauen und frei sein vom Drang des Haben-Wollens oder Vermeiden-Wollens? Wie k\u00f6nnen wir Gelassenheit, liebende G\u00fcte und Mitgef\u00fchl pflegen, wo doch unser eigenes \u201eIch\u201c so verunsichert ist und selbst Mitgef\u00fchl ben\u00f6tigt? <\/span><\/span><\/span><\/p>\n<p align=\"justify\"><span style=\"color: #1a1a1a;\"><span style=\"font-family: Verdana, sans-serif;\"><span style=\"font-size: medium;\">Wenn wir all die Qualit\u00e4ten und ihre wohltuenden Wirkungen, die wir im Yoga erfahren haben, mit einer Perspektive auf uns selbst betrachten, mag eine andere Zustimmung resultieren, als wenn wir der Tatsache die Stirn bieten m\u00fcssen, dass wir wirklich vor schmerzlichen Erfahrungen stehen, dass wir Einschr\u00e4nkungen und Verluste annehmen m\u00fcssen, dass wir mit Verunsicherung und Angst konfrontiert werden. K\u00f6nnen wir mit all unserem Bed\u00fcrfnis, uns zu sch\u00fctzen, dennoch die Perspektive auf das Ganze richten, dessen Teil wir sind?<\/span><\/span><\/span><\/p>\n<p align=\"justify\"><span style=\"color: #1a1a1a;\"><span style=\"font-family: Verdana, sans-serif;\"><span style=\"font-size: medium;\">Werden wir mit der globalen Verbundenheit auf eine entsetzende Weise konfrontiert, k\u00f6nnen wir diese Verbundenheit als Bedrohung wahrnehmen. Wir k\u00f6nnen uns distanzieren, zur\u00fcckweichen in die Enge und nach individueller Sicherheit suchen. Oder aber wir erkennen, dass in einer Erfahrung der Verbundenheit, in einem mitf\u00fchlenden, solidarischen Miteinander auch die L\u00f6sung liegt, um gemeinsam die Schrecken und die Verluste zu \u00fcberwinden.<\/span><\/span><\/span><\/p>\n<p align=\"justify\"><span style=\"color: #1a1a1a;\"><span style=\"font-family: Verdana, sans-serif;\"><span style=\"font-size: medium;\">K\u00f6nnen wir mit Yoga etwas positives zu der globalen Krise beitragen, oder sorgen wir damit nur f\u00fcr unser eigenes Wohlbefinden? Wie k\u00f6nnen wir uns in einer Zeit, in der die Welt vor existentiellen Fragen steht, dem Yoga widmen?<\/span><\/span><\/span><\/p>\n<p align=\"justify\"><span style=\"color: #1a1a1a;\"><span style=\"font-family: Verdana, sans-serif;\"><span style=\"font-size: medium;\">Eine Bedeutungsebene von Yoga ist Gleichheit, <i>samatva<\/i>, wie es in der <span style=\"color: #000000;\"><i>Bhagavad <\/i><\/span><span style=\"color: #000000;\"><i>G<\/i><\/span><span style=\"color: #000000;\"><i>\u012bt\u0101\u00a0<\/i><\/span>hei\u00dft. Es ist Gleich-Sein, Einklang, Ausgewogenheit, Gleichmut, Harmonie, Ebenm\u00e4\u00dfigkeit, Gleichheit \u2013 auch soziale Gleichheit. In sich ruhen und gleichzeitig verbunden sein mit allem, das ist\u00a0<i>s<\/i><i>amatva.\u00a0<\/i>Es k\u00f6nnte ein Schl\u00fcsselbegriff daf\u00fcr sein, wie wir zur\u00fcckfinden zu einer Perspektive der Verbundenheit und wie wir \u00fcber diese Zeit der Verunsicherung hinauswachsen, gemeinsam und mit Gleichmut und Vertrauen.<\/span><\/span><\/span><\/p>\n<p align=\"justify\"><span style=\"color: #1a1a1a;\"><span style=\"font-family: Verdana, sans-serif;\"><span style=\"font-size: medium;\">Zwei Ansatzpunkte k\u00f6nnen die Erfahrung des <i>samatva <\/i>im Alltag f\u00f6rdern: Erstens die stetige, t\u00e4gliche Hinwendung zu dem tiefsten Wesenskern in uns, zu der Lebensessenz, die wir sind. Zweitens, das zu pflegen, was in uns das Gewahrsein der Verbundenheit, des Gemeinsam-in-dieser-Welt-Seins st\u00e4rkt. Ohne die vielen, konkreten \u00dcbungen im Yoga aufzuz\u00e4hlen, die uns der Erfahrung des <i>samatva\u00a0<\/i>n\u00e4her bringen k\u00f6nnen, m\u00f6chte ich hier die allgemeine Linie aufzeigen, die in diese Richtung weist.<\/span><\/span><\/span><\/p>\n<p align=\"justify\"><span style=\"color: #1a1a1a;\"><span style=\"font-family: Verdana, sans-serif;\"><span style=\"font-size: medium;\">Um Verunsicherungen zu begegnen, und gleichzeitig offen zu bleiben f\u00fcr eine weite Perspektive, brauchen wir als Grundlage eine Verbindung zu dem Ort in uns, worin wir ruhen. Damit gest\u00e4rkt k\u00f6nnen wir im Alltag beobachten, was uns eng macht oder weit, was uns vom Leben und den anderen trennt, und was uns unsere Gemeinsamkeit erfahren und sp\u00fcren l\u00e4\u00dft. Wir k\u00f6nnen uns t\u00e4glich darin \u00fcben, die Verbindung zu unserer inneren Mitte zu pflegen. Wir k\u00f6nnen uns dem Ort in uns zuwenden, worin wir geborgen sind. Das ist die tiefere Bedeutung von \u012b\u015bvara-pra\u1e47idh\u0101na. In dieser Mitte ist unsere Daseinskraft zuhause. Es ist der Ort, wo die Freude pulsiert. Wir k\u00f6nnen t\u00e4glich in diese Mitte in uns hinein lauschen, dieses Herz aufsp\u00fcren, wo wir allm\u00e4hlich, eines Tages entdecken k\u00f6nnen, dass es die Mitte von Allem ist.<\/span><\/span><\/span><\/p>\n<p align=\"justify\"><span style=\"color: #1a1a1a;\"><span style=\"font-family: Verdana, sans-serif;\"><span style=\"font-size: medium;\">Um\u00a0<i>samatva,\u00a0<\/i>das Miteinander-Sein zu erfahren, ist es eine wichtige, hilfreiche \u00dcbung, allt\u00e4glich unterscheiden zu lernen zwischen dem, was uns isoliert und eng macht einerseits und dem, was uns andererseits die Erfahrung der Weite und Verbundenheit schenkt. Jeder Moment des Alltags, in dem wir innerlich beiseite treten und gewahr werden, was wir gerade erleben, ohne darin verstrickt zu sein, s\u00e4t einen Keim des Verstehens. Jede Gelegenheit, bei der wir innehalten k\u00f6nnen und einen Moment durchatmen, beobachten und f\u00fchlen, was gerade passiert, erweitert unsere Perspektive.<\/span><\/span><\/span><\/p>\n<p align=\"justify\"><span style=\"color: #1a1a1a;\"><span style=\"font-family: Verdana, sans-serif;\"><span style=\"font-size: medium;\">Alles ist mit allem verbunden. Diese Aussage gilt in beide Richtungen. Mit Yoga beginnen wir eine Ver\u00e4nderung in uns selbst. Wir werden die Welt durch Yoga nicht zu Utopia verwandeln. Venedig wird nicht zu der unversunkenen Stadt, in dessen Kan\u00e4len die Delfine schwimmen. Die Wanderarbeiter in Indien und \u00fcberall aufder Welt werden nicht vor Misshandlungen verschont bleiben. Das Wesen der Utopien ist es, uns eine Richtung zu zeigen. Wir k\u00f6nnen w\u00e4hlen, wohin wir uns ausrichten. Um Ver\u00e4nderungen einzuleiten, m\u00fcssen wir nach weisen Mitteln suchen, und bei uns selbst beginnend aktiv werden.<\/span><\/span><\/span><\/p>\n<p align=\"justify\"><span style=\"color: #1a1a1a;\"><span style=\"font-family: Verdana, sans-serif;\"><span style=\"font-size: medium;\">Im Ozean des Gewahrseins macht es einen Unterschied, ob wir Moment f\u00fcr Moment mit unserem Beitrag die Enge oder die Weite w\u00e4hlen, ob wir die Liebe und die Freude w\u00e4hlen. Wozu sich jeder einzelne vonuns entscheidet, ist ein Beitrag zum Ganzen. Was wir pflegen und f\u00f6rdern, jede Handlung, jeder Satz, jedes L\u00e4cheln ist ein bleibendes Teilchen im Gewebe des Lebens auf diesem Planeten.<\/span><\/span><\/span><\/p>\n<p><span style=\"color: #1a1a1a;\"><span style=\"font-family: Verdana, sans-serif;\"><span style=\"font-size: medium;\">Osman<\/span><\/span><\/span><br \/>\n<span style=\"color: #1a1a1a;\"><span style=\"font-family: Verdana, sans-serif;\"><span style=\"font-size: medium;\">April 2020<\/span><\/span><\/span><\/p>\n<p><span style=\"color: #1a1a1a;\"><span style=\"font-family: Verdana, sans-serif;\"><span style=\"font-size: medium;\">ver\u00f6ffentlicht in: Deutsches Yoga-Forum 3\/2020<\/span><\/span><\/span><\/p>\n<\/div>\n\t\t<\/div><\/div><\/div><div id=\"pg-gb1664-69f49ac4d74c2-2\"  class=\"panel-grid panel-no-style\" ><div id=\"pgc-gb1664-69f49ac4d74c2-2-0\"  class=\"panel-grid-cell\" ><div id=\"panel-gb1664-69f49ac4d74c2-2-0-0\" class=\"so-panel widget widget_text panel-first-child panel-last-child\" data-index=\"1\" >\t\t\t<div class=\"textwidget\"><p align=\"right\"><span style=\"font-family: Verdana, sans-serif;\"><span style=\"font-size: xx-small;\">Fotos: Paco Yoncaova<\/span><\/span><\/p>\n<\/div>\n\t\t<\/div><\/div><\/div><div id=\"pg-gb1664-69f49ac4d74c2-3\"  class=\"panel-grid panel-no-style\" ><div id=\"pgc-gb1664-69f49ac4d74c2-3-0\"  class=\"panel-grid-cell panel-grid-cell-empty\" ><\/div><div id=\"pgc-gb1664-69f49ac4d74c2-3-1\"  class=\"panel-grid-cell panel-grid-cell-mobile-last\" ><div id=\"panel-gb1664-69f49ac4d74c2-3-1-0\" class=\"so-panel widget widget_media_image panel-first-child panel-last-child\" data-index=\"2\" ><div class=\"kleine-sonne panel-widget-style panel-widget-style-for-gb1664-69f49ac4d74c2-3-1-0\" ><img loading=\"lazy\" decoding=\"async\" width=\"50\" height=\"51\" src=\"https:\/\/atmendesyoga.de\/wp-content\/uploads\/2019\/11\/sonne_50x50.jpg\" class=\"image wp-image-66  attachment-full size-full\" alt=\"\" style=\"max-width: 100%; height: auto;\" \/><\/div><\/div><\/div><div id=\"pgc-gb1664-69f49ac4d74c2-3-2\"  class=\"panel-grid-cell panel-grid-cell-empty\" ><\/div><\/div><\/div>","protected":false},"excerpt":{"rendered":"<p>Samatva, Gleichheit, Freiheit Alles ist mit allem verbunden \u2013 dieser Satz aus den Upani\u1e63aden\u00a0wird in seiner Bedeutung besonders\u00a0deutlich sp\u00fcrbar in weltumspannenden Krisen wie die Pandemie. W\u00e4hrend wir\u00a0angesichts des\u00a0Klimawandels\u00a0nur langsam die Bedrohung und die Dringlichkeit von Ver\u00e4nderungen realisierten, bringt eine Pandemie<\/p>\n","protected":false},"author":2,"featured_media":0,"parent":0,"menu_order":0,"comment_status":"closed","ping_status":"closed","template":"","meta":{"footnotes":""},"class_list":["post-1664","page","type-page","status-publish","hentry"],"yoast_head":"<!-- This site is optimized with the Yoast SEO plugin v27.5 - https:\/\/yoast.com\/product\/yoast-seo-wordpress\/ -->\n<title>Alles ist mit allem verbunden - Atmendesyoga<\/title>\n<meta name=\"robots\" content=\"index, follow, max-snippet:-1, max-image-preview:large, max-video-preview:-1\" \/>\n<link rel=\"canonical\" href=\"https:\/\/atmendesyoga.de\/?page_id=1664\" \/>\n<meta property=\"og:locale\" content=\"de_DE\" \/>\n<meta property=\"og:type\" content=\"article\" \/>\n<meta property=\"og:title\" content=\"Alles ist mit allem verbunden - Atmendesyoga\" \/>\n<meta property=\"og:description\" content=\"Samatva, Gleichheit, Freiheit Alles ist mit allem verbunden \u2013 dieser Satz aus den Upani\u1e63aden\u00a0wird in seiner Bedeutung besonders\u00a0deutlich sp\u00fcrbar in weltumspannenden Krisen wie die Pandemie. W\u00e4hrend wir\u00a0angesichts des\u00a0Klimawandels\u00a0nur langsam die Bedrohung und die Dringlichkeit von Ver\u00e4nderungen realisierten, bringt eine Pandemie\" \/>\n<meta property=\"og:url\" content=\"https:\/\/atmendesyoga.de\/?page_id=1664\" \/>\n<meta property=\"og:site_name\" content=\"Atmendesyoga\" \/>\n<meta property=\"article:modified_time\" content=\"2022-05-30T11:47:14+00:00\" \/>\n<meta property=\"og:image\" content=\"https:\/\/atmendesyoga.de\/wp-content\/uploads\/2019\/11\/sonne_50x50.jpg\" \/>\n<meta name=\"twitter:card\" content=\"summary_large_image\" \/>\n<meta name=\"twitter:label1\" content=\"Gesch\u00e4tzte Lesezeit\" \/>\n\t<meta name=\"twitter:data1\" content=\"5\u00a0Minuten\" \/>\n<script type=\"application\/ld+json\" class=\"yoast-schema-graph\">{\"@context\":\"https:\\\/\\\/schema.org\",\"@graph\":[{\"@type\":\"WebPage\",\"@id\":\"https:\\\/\\\/atmendesyoga.de\\\/?page_id=1664\",\"url\":\"https:\\\/\\\/atmendesyoga.de\\\/?page_id=1664\",\"name\":\"Alles ist mit allem verbunden - Atmendesyoga\",\"isPartOf\":{\"@id\":\"https:\\\/\\\/atmendesyoga.de\\\/#website\"},\"primaryImageOfPage\":{\"@id\":\"https:\\\/\\\/atmendesyoga.de\\\/?page_id=1664#primaryimage\"},\"image\":{\"@id\":\"https:\\\/\\\/atmendesyoga.de\\\/?page_id=1664#primaryimage\"},\"thumbnailUrl\":\"https:\\\/\\\/atmendesyoga.de\\\/wp-content\\\/uploads\\\/2019\\\/11\\\/sonne_50x50.jpg\",\"datePublished\":\"2021-04-07T18:52:12+00:00\",\"dateModified\":\"2022-05-30T11:47:14+00:00\",\"breadcrumb\":{\"@id\":\"https:\\\/\\\/atmendesyoga.de\\\/?page_id=1664#breadcrumb\"},\"inLanguage\":\"de\",\"potentialAction\":[{\"@type\":\"ReadAction\",\"target\":[\"https:\\\/\\\/atmendesyoga.de\\\/?page_id=1664\"]}]},{\"@type\":\"ImageObject\",\"inLanguage\":\"de\",\"@id\":\"https:\\\/\\\/atmendesyoga.de\\\/?page_id=1664#primaryimage\",\"url\":\"https:\\\/\\\/atmendesyoga.de\\\/wp-content\\\/uploads\\\/2019\\\/11\\\/sonne_50x50.jpg\",\"contentUrl\":\"https:\\\/\\\/atmendesyoga.de\\\/wp-content\\\/uploads\\\/2019\\\/11\\\/sonne_50x50.jpg\",\"width\":50,\"height\":51},{\"@type\":\"BreadcrumbList\",\"@id\":\"https:\\\/\\\/atmendesyoga.de\\\/?page_id=1664#breadcrumb\",\"itemListElement\":[{\"@type\":\"ListItem\",\"position\":1,\"name\":\"Startseite\",\"item\":\"https:\\\/\\\/atmendesyoga.de\\\/\"},{\"@type\":\"ListItem\",\"position\":2,\"name\":\"Alles ist mit allem verbunden\"}]},{\"@type\":\"WebSite\",\"@id\":\"https:\\\/\\\/atmendesyoga.de\\\/#website\",\"url\":\"https:\\\/\\\/atmendesyoga.de\\\/\",\"name\":\"Atmendesyoga\",\"description\":\"\",\"potentialAction\":[{\"@type\":\"SearchAction\",\"target\":{\"@type\":\"EntryPoint\",\"urlTemplate\":\"https:\\\/\\\/atmendesyoga.de\\\/?s={search_term_string}\"},\"query-input\":{\"@type\":\"PropertyValueSpecification\",\"valueRequired\":true,\"valueName\":\"search_term_string\"}}],\"inLanguage\":\"de\"}]}<\/script>\n<!-- \/ Yoast SEO plugin. -->","yoast_head_json":{"title":"Alles ist mit allem verbunden - Atmendesyoga","robots":{"index":"index","follow":"follow","max-snippet":"max-snippet:-1","max-image-preview":"max-image-preview:large","max-video-preview":"max-video-preview:-1"},"canonical":"https:\/\/atmendesyoga.de\/?page_id=1664","og_locale":"de_DE","og_type":"article","og_title":"Alles ist mit allem verbunden - Atmendesyoga","og_description":"Samatva, Gleichheit, Freiheit Alles ist mit allem verbunden \u2013 dieser Satz aus den Upani\u1e63aden\u00a0wird in seiner Bedeutung besonders\u00a0deutlich sp\u00fcrbar in weltumspannenden Krisen wie die Pandemie. W\u00e4hrend wir\u00a0angesichts des\u00a0Klimawandels\u00a0nur langsam die Bedrohung und die Dringlichkeit von Ver\u00e4nderungen realisierten, bringt eine Pandemie","og_url":"https:\/\/atmendesyoga.de\/?page_id=1664","og_site_name":"Atmendesyoga","article_modified_time":"2022-05-30T11:47:14+00:00","og_image":[{"url":"https:\/\/atmendesyoga.de\/wp-content\/uploads\/2019\/11\/sonne_50x50.jpg","type":"","width":"","height":""}],"twitter_card":"summary_large_image","twitter_misc":{"Gesch\u00e4tzte Lesezeit":"5\u00a0Minuten"},"schema":{"@context":"https:\/\/schema.org","@graph":[{"@type":"WebPage","@id":"https:\/\/atmendesyoga.de\/?page_id=1664","url":"https:\/\/atmendesyoga.de\/?page_id=1664","name":"Alles ist mit allem verbunden - Atmendesyoga","isPartOf":{"@id":"https:\/\/atmendesyoga.de\/#website"},"primaryImageOfPage":{"@id":"https:\/\/atmendesyoga.de\/?page_id=1664#primaryimage"},"image":{"@id":"https:\/\/atmendesyoga.de\/?page_id=1664#primaryimage"},"thumbnailUrl":"https:\/\/atmendesyoga.de\/wp-content\/uploads\/2019\/11\/sonne_50x50.jpg","datePublished":"2021-04-07T18:52:12+00:00","dateModified":"2022-05-30T11:47:14+00:00","breadcrumb":{"@id":"https:\/\/atmendesyoga.de\/?page_id=1664#breadcrumb"},"inLanguage":"de","potentialAction":[{"@type":"ReadAction","target":["https:\/\/atmendesyoga.de\/?page_id=1664"]}]},{"@type":"ImageObject","inLanguage":"de","@id":"https:\/\/atmendesyoga.de\/?page_id=1664#primaryimage","url":"https:\/\/atmendesyoga.de\/wp-content\/uploads\/2019\/11\/sonne_50x50.jpg","contentUrl":"https:\/\/atmendesyoga.de\/wp-content\/uploads\/2019\/11\/sonne_50x50.jpg","width":50,"height":51},{"@type":"BreadcrumbList","@id":"https:\/\/atmendesyoga.de\/?page_id=1664#breadcrumb","itemListElement":[{"@type":"ListItem","position":1,"name":"Startseite","item":"https:\/\/atmendesyoga.de\/"},{"@type":"ListItem","position":2,"name":"Alles ist mit allem verbunden"}]},{"@type":"WebSite","@id":"https:\/\/atmendesyoga.de\/#website","url":"https:\/\/atmendesyoga.de\/","name":"Atmendesyoga","description":"","potentialAction":[{"@type":"SearchAction","target":{"@type":"EntryPoint","urlTemplate":"https:\/\/atmendesyoga.de\/?s={search_term_string}"},"query-input":{"@type":"PropertyValueSpecification","valueRequired":true,"valueName":"search_term_string"}}],"inLanguage":"de"}]}},"_links":{"self":[{"href":"https:\/\/atmendesyoga.de\/index.php?rest_route=\/wp\/v2\/pages\/1664","targetHints":{"allow":["GET"]}}],"collection":[{"href":"https:\/\/atmendesyoga.de\/index.php?rest_route=\/wp\/v2\/pages"}],"about":[{"href":"https:\/\/atmendesyoga.de\/index.php?rest_route=\/wp\/v2\/types\/page"}],"author":[{"embeddable":true,"href":"https:\/\/atmendesyoga.de\/index.php?rest_route=\/wp\/v2\/users\/2"}],"replies":[{"embeddable":true,"href":"https:\/\/atmendesyoga.de\/index.php?rest_route=%2Fwp%2Fv2%2Fcomments&post=1664"}],"version-history":[{"count":12,"href":"https:\/\/atmendesyoga.de\/index.php?rest_route=\/wp\/v2\/pages\/1664\/revisions"}],"predecessor-version":[{"id":2252,"href":"https:\/\/atmendesyoga.de\/index.php?rest_route=\/wp\/v2\/pages\/1664\/revisions\/2252"}],"wp:attachment":[{"href":"https:\/\/atmendesyoga.de\/index.php?rest_route=%2Fwp%2Fv2%2Fmedia&parent=1664"}],"curies":[{"name":"wp","href":"https:\/\/api.w.org\/{rel}","templated":true}]}}