{"id":2116,"date":"2023-08-22T11:36:33","date_gmt":"2023-08-22T11:36:33","guid":{"rendered":"https:\/\/atmendesyoga.de\/?page_id=2116"},"modified":"2024-10-13T09:25:40","modified_gmt":"2024-10-13T09:25:40","slug":"standing","status":"publish","type":"page","link":"https:\/\/atmendesyoga.de\/?page_id=2116","title":{"rendered":"standing"},"content":{"rendered":"<div id=\"pl-gb2116-69f1cf946a9d3\"  class=\"panel-layout wp-block-siteorigin-panels-layout-block\" ><div id=\"pg-gb2116-69f1cf946a9d3-0\"  class=\"panel-grid panel-has-style\" ><div class=\"panel-row-style panel-row-style-for-gb2116-69f1cf946a9d3-0\" ><div id=\"pgc-gb2116-69f1cf946a9d3-0-0\"  class=\"panel-grid-cell panel-grid-cell-empty\" ><\/div><div id=\"pgc-gb2116-69f1cf946a9d3-0-1\"  class=\"panel-grid-cell panel-grid-cell-empty panel-grid-cell-mobile-last\" ><div class=\"panel-cell-style panel-cell-style-for-gb2116-69f1cf946a9d3-0-1\" ><\/div><\/div><div id=\"pgc-gb2116-69f1cf946a9d3-0-2\"  class=\"panel-grid-cell panel-grid-cell-empty\" ><\/div><\/div><\/div><div id=\"pg-gb2116-69f1cf946a9d3-1\"  class=\"panel-grid panel-no-style\" ><div id=\"pgc-gb2116-69f1cf946a9d3-1-0\"  class=\"panel-grid-cell\" ><div id=\"panel-gb2116-69f1cf946a9d3-1-0-0\" class=\"so-panel widget widget_text panel-first-child\" data-index=\"0\" ><div class=\"panel-widget-style panel-widget-style-for-gb2116-69f1cf946a9d3-1-0-0\" >\t\t\t<div class=\"textwidget\"><p><span style=\"font-family: Verdana, sans-serif;\"><span style=\"font-size: large;\"><b>MIT DER ERDE STEHEN<br \/>\n<\/b><\/span><\/span><br \/>\n<span style=\"font-family: Verdana, sans-serif;\"><span style=\"font-size: large;\"><b>standing with the earth<br \/>\n<\/b><\/span><\/span><\/p>\n<p align=\"justify\"><span style=\"font-family: Verdana, sans-serif;\"><span style=\"font-size: medium;\">innehalten \u2022 lauschen \u2022 handeln<br \/>\n<\/span><\/span><\/p>\n<p align=\"justify\"><span style=\"font-family: Verdana, sans-serif;\"><span style=\"font-size: medium;\"><b>EINLADUNG<br \/>\n<\/b><\/span><\/span><\/p>\n<p align=\"justify\"><span style=\"font-family: Verdana, sans-serif;\"><span style=\"font-size: medium;\">Dies ist eine Einladung zum gemeinsamen Innehalten und Wahrnehmen in Zeiten tiefgreifender Krise und Ratlosigkeit. Wir k\u00f6nnen den so dringend n\u00f6tigen Wandel nicht durch einen Kraftakt herbeif\u00fchren. In Ruhe zu lauschen kann uns helfen, weder in l\u00e4hmende Verzweiflung noch in blinden Aktionismus zu verfallen.<\/span><\/span><\/p>\n<p align=\"justify\"><span style=\"font-family: Verdana, sans-serif;\"><span style=\"font-size: medium;\">Die Verbundenheit mit der Erde sp\u00fcren &#8211; das ist im Moment vielleicht mit das Radikalste, was wir tun k\u00f6nnen: z\u00e4rtlich, solidarisch und unbeirrbar. In uns Menschen gibt es eine tiefe Sehnsucht danach, zu f\u00fchlen, dass wir lebendig und verbunden sind. Wir brauchen vielleicht nur Gelegenheiten, es (gemeinsam) zu erleben.<\/span><\/span><\/p>\n<p><span style=\"font-family: Verdana, sans-serif;\"><span style=\"font-size: medium;\"><b>N\u00e4chste Termine in Kassel:<\/b><\/span><\/span><br \/>\n<span style=\"font-family: Verdana, sans-serif;\"><span style=\"font-size: medium;\"><br \/>\nWeitere Termine entstehen spontan nach Absprache mit unterschiedlichen Initiativgruppen und werden hier mitgeteilt.<br \/>\n<\/span><\/span><\/p>\n<p><span style=\"font-family: Verdana, sans-serif;\"><span style=\"font-size: medium;\"><b><br \/>\nKomm, lass uns gemeinsam mit der Erde stehen!<\/b><\/span><\/span><\/p>\n<p align=\"justify\"><span style=\"font-family: Verdana, sans-serif;\"><span style=\"font-size: medium;\"><br \/>\nDies ist eine Aktion, die in Bezug steht zu den SDG, den 17 Nachhaltigkeitszielen der UN, und zu den IDG, den inneren Entwicklungszielen.<br \/>\n<\/span><\/span><\/p>\n<p><span style=\"font-family: Verdana, sans-serif;\"><span style=\"font-size: medium;\"><b>Was genau machen wir beim \u201estanding with the earth\u201c:<\/b><\/span><\/span><\/p>\n<p align=\"justify\"><span style=\"font-family: Verdana, sans-serif;\"><span style=\"font-size: medium;\">Wir kommen im Kreis zusammen. Wir stehen auf der Erde \u2013 diese Erdkugel, die eben unter unseren F\u00fc\u00dfen sp\u00fcrbar ist! F\u00fcr 20 Minuten stehen, kauern, sitzen, liegen wir, ganz so wie es jeweils f\u00fcr jede und jeden stimmig ist. In dieser Zeit \u201elauschen\u201c wir mit allen Sinnen, nehmen in Stille Kontakt auf zu dem in diesem Augenblick erlebten St\u00fcck Erde. Diese stillen Aktionen, die \u201edas Wahrnehmen als Wandelimpuls in die \u00d6ffentlichkeit bringen\u201c (Heike Pourian), entfalten eine beeindruckende Wirksamkeit sowohl nach innen als auch in die Umgebung hinein. \u2013 Nach den zwanzig Minuten des stillen Wahrnehmens, kommen wir f\u00fcr etwa zehn Minuten zusammen, um miteinander zu teilen, was wir erlebt haben. Damit wird das Wahrnehmungsfeld noch einmal um die Erfahrungen von anderen erweitert, die mit uns gestanden haben und wir erkennen einen gr\u00f6\u00dferen Teil der Ganzheit, in der wir leben.<br \/>\nDie Initiative zu \u201estanding with the earth\u201c kommt von Heike Pourian. Inzwischen entfaltet diese Aktivit\u00e4t ihre Kraft an vielen Orten, wo weitere Menschen sie ausf\u00fchren.<\/span><\/span><\/p>\n<\/div>\n\t\t<\/div><\/div><div id=\"panel-gb2116-69f1cf946a9d3-1-0-1\" class=\"so-panel widget widget_text panel-last-child\" data-index=\"1\" ><div class=\"panel-widget-style panel-widget-style-for-gb2116-69f1cf946a9d3-1-0-1\" >\t\t\t<div class=\"textwidget\"><p><span style=\"font-family: Verdana, sans-serif;\"><span style=\"font-size: xx-small;\">Foto: Paco Yoncaova<\/span><\/span><\/p>\n<\/div>\n\t\t<\/div><\/div><\/div><\/div><div id=\"pg-gb2116-69f1cf946a9d3-2\"  class=\"panel-grid panel-no-style\" ><div id=\"pgc-gb2116-69f1cf946a9d3-2-0\"  class=\"panel-grid-cell panel-grid-cell-empty\" ><\/div><div id=\"pgc-gb2116-69f1cf946a9d3-2-1\"  class=\"panel-grid-cell panel-grid-cell-mobile-last\" ><div id=\"panel-gb2116-69f1cf946a9d3-2-1-0\" class=\"so-panel widget widget_media_image panel-first-child panel-last-child\" data-index=\"2\" ><div class=\"kleine-sonne panel-widget-style panel-widget-style-for-gb2116-69f1cf946a9d3-2-1-0\" ><img loading=\"lazy\" decoding=\"async\" width=\"50\" height=\"51\" src=\"https:\/\/atmendesyoga.de\/wp-content\/uploads\/2019\/11\/sonne_50x50.jpg\" class=\"image wp-image-66  attachment-full size-full\" alt=\"\" style=\"max-width: 100%; height: auto;\" \/><\/div><\/div><\/div><div id=\"pgc-gb2116-69f1cf946a9d3-2-2\"  class=\"panel-grid-cell panel-grid-cell-empty\" ><\/div><\/div><\/div>","protected":false},"excerpt":{"rendered":"<p>MIT DER ERDE STEHEN standing with the earth innehalten \u2022 lauschen \u2022 handeln EINLADUNG Dies ist eine Einladung zum gemeinsamen Innehalten und Wahrnehmen in Zeiten tiefgreifender Krise und Ratlosigkeit. Wir k\u00f6nnen den so dringend n\u00f6tigen Wandel nicht durch einen Kraftakt<\/p>\n","protected":false},"author":2,"featured_media":0,"parent":21,"menu_order":0,"comment_status":"closed","ping_status":"closed","template":"","meta":{"footnotes":""},"class_list":["post-2116","page","type-page","status-publish","hentry"],"yoast_head":"<!-- This site is optimized with the Yoast SEO plugin v27.5 - https:\/\/yoast.com\/product\/yoast-seo-wordpress\/ -->\n<title>standing - Atmendesyoga<\/title>\n<meta name=\"robots\" content=\"index, follow, max-snippet:-1, max-image-preview:large, max-video-preview:-1\" \/>\n<link rel=\"canonical\" href=\"https:\/\/atmendesyoga.de\/?page_id=2116\" \/>\n<meta property=\"og:locale\" content=\"de_DE\" \/>\n<meta property=\"og:type\" content=\"article\" \/>\n<meta property=\"og:title\" content=\"standing - Atmendesyoga\" \/>\n<meta property=\"og:description\" content=\"MIT DER ERDE STEHEN standing with the earth innehalten \u2022 lauschen \u2022 handeln EINLADUNG Dies ist eine Einladung zum gemeinsamen Innehalten und Wahrnehmen in Zeiten tiefgreifender Krise und Ratlosigkeit. Wir k\u00f6nnen den so dringend n\u00f6tigen Wandel nicht durch einen Kraftakt\" \/>\n<meta property=\"og:url\" content=\"https:\/\/atmendesyoga.de\/?page_id=2116\" \/>\n<meta property=\"og:site_name\" content=\"Atmendesyoga\" \/>\n<meta property=\"article:modified_time\" content=\"2024-10-13T09:25:40+00:00\" \/>\n<meta name=\"twitter:card\" content=\"summary_large_image\" \/>\n<meta name=\"twitter:label1\" content=\"Gesch\u00e4tzte Lesezeit\" \/>\n\t<meta name=\"twitter:data1\" content=\"3\u00a0Minuten\" \/>\n<script type=\"application\/ld+json\" class=\"yoast-schema-graph\">{\"@context\":\"https:\\\/\\\/schema.org\",\"@graph\":[{\"@type\":\"WebPage\",\"@id\":\"https:\\\/\\\/atmendesyoga.de\\\/?page_id=2116\",\"url\":\"https:\\\/\\\/atmendesyoga.de\\\/?page_id=2116\",\"name\":\"standing - Atmendesyoga\",\"isPartOf\":{\"@id\":\"https:\\\/\\\/atmendesyoga.de\\\/#website\"},\"datePublished\":\"2023-08-22T11:36:33+00:00\",\"dateModified\":\"2024-10-13T09:25:40+00:00\",\"breadcrumb\":{\"@id\":\"https:\\\/\\\/atmendesyoga.de\\\/?page_id=2116#breadcrumb\"},\"inLanguage\":\"de\",\"potentialAction\":[{\"@type\":\"ReadAction\",\"target\":[\"https:\\\/\\\/atmendesyoga.de\\\/?page_id=2116\"]}]},{\"@type\":\"BreadcrumbList\",\"@id\":\"https:\\\/\\\/atmendesyoga.de\\\/?page_id=2116#breadcrumb\",\"itemListElement\":[{\"@type\":\"ListItem\",\"position\":1,\"name\":\"Startseite\",\"item\":\"https:\\\/\\\/atmendesyoga.de\\\/\"},{\"@type\":\"ListItem\",\"position\":2,\"name\":\"Kursprogramm\",\"item\":\"https:\\\/\\\/atmendesyoga.de\\\/?page_id=21\"},{\"@type\":\"ListItem\",\"position\":3,\"name\":\"standing\"}]},{\"@type\":\"WebSite\",\"@id\":\"https:\\\/\\\/atmendesyoga.de\\\/#website\",\"url\":\"https:\\\/\\\/atmendesyoga.de\\\/\",\"name\":\"Atmendesyoga\",\"description\":\"\",\"potentialAction\":[{\"@type\":\"SearchAction\",\"target\":{\"@type\":\"EntryPoint\",\"urlTemplate\":\"https:\\\/\\\/atmendesyoga.de\\\/?s={search_term_string}\"},\"query-input\":{\"@type\":\"PropertyValueSpecification\",\"valueRequired\":true,\"valueName\":\"search_term_string\"}}],\"inLanguage\":\"de\"}]}<\/script>\n<!-- \/ Yoast SEO plugin. -->","yoast_head_json":{"title":"standing - Atmendesyoga","robots":{"index":"index","follow":"follow","max-snippet":"max-snippet:-1","max-image-preview":"max-image-preview:large","max-video-preview":"max-video-preview:-1"},"canonical":"https:\/\/atmendesyoga.de\/?page_id=2116","og_locale":"de_DE","og_type":"article","og_title":"standing - Atmendesyoga","og_description":"MIT DER ERDE STEHEN standing with the earth innehalten \u2022 lauschen \u2022 handeln EINLADUNG Dies ist eine Einladung zum gemeinsamen Innehalten und Wahrnehmen in Zeiten tiefgreifender Krise und Ratlosigkeit. Wir k\u00f6nnen den so dringend n\u00f6tigen Wandel nicht durch einen Kraftakt","og_url":"https:\/\/atmendesyoga.de\/?page_id=2116","og_site_name":"Atmendesyoga","article_modified_time":"2024-10-13T09:25:40+00:00","twitter_card":"summary_large_image","twitter_misc":{"Gesch\u00e4tzte Lesezeit":"3\u00a0Minuten"},"schema":{"@context":"https:\/\/schema.org","@graph":[{"@type":"WebPage","@id":"https:\/\/atmendesyoga.de\/?page_id=2116","url":"https:\/\/atmendesyoga.de\/?page_id=2116","name":"standing - Atmendesyoga","isPartOf":{"@id":"https:\/\/atmendesyoga.de\/#website"},"datePublished":"2023-08-22T11:36:33+00:00","dateModified":"2024-10-13T09:25:40+00:00","breadcrumb":{"@id":"https:\/\/atmendesyoga.de\/?page_id=2116#breadcrumb"},"inLanguage":"de","potentialAction":[{"@type":"ReadAction","target":["https:\/\/atmendesyoga.de\/?page_id=2116"]}]},{"@type":"BreadcrumbList","@id":"https:\/\/atmendesyoga.de\/?page_id=2116#breadcrumb","itemListElement":[{"@type":"ListItem","position":1,"name":"Startseite","item":"https:\/\/atmendesyoga.de\/"},{"@type":"ListItem","position":2,"name":"Kursprogramm","item":"https:\/\/atmendesyoga.de\/?page_id=21"},{"@type":"ListItem","position":3,"name":"standing"}]},{"@type":"WebSite","@id":"https:\/\/atmendesyoga.de\/#website","url":"https:\/\/atmendesyoga.de\/","name":"Atmendesyoga","description":"","potentialAction":[{"@type":"SearchAction","target":{"@type":"EntryPoint","urlTemplate":"https:\/\/atmendesyoga.de\/?s={search_term_string}"},"query-input":{"@type":"PropertyValueSpecification","valueRequired":true,"valueName":"search_term_string"}}],"inLanguage":"de"}]}},"_links":{"self":[{"href":"https:\/\/atmendesyoga.de\/index.php?rest_route=\/wp\/v2\/pages\/2116","targetHints":{"allow":["GET"]}}],"collection":[{"href":"https:\/\/atmendesyoga.de\/index.php?rest_route=\/wp\/v2\/pages"}],"about":[{"href":"https:\/\/atmendesyoga.de\/index.php?rest_route=\/wp\/v2\/types\/page"}],"author":[{"embeddable":true,"href":"https:\/\/atmendesyoga.de\/index.php?rest_route=\/wp\/v2\/users\/2"}],"replies":[{"embeddable":true,"href":"https:\/\/atmendesyoga.de\/index.php?rest_route=%2Fwp%2Fv2%2Fcomments&post=2116"}],"version-history":[{"count":19,"href":"https:\/\/atmendesyoga.de\/index.php?rest_route=\/wp\/v2\/pages\/2116\/revisions"}],"predecessor-version":[{"id":2277,"href":"https:\/\/atmendesyoga.de\/index.php?rest_route=\/wp\/v2\/pages\/2116\/revisions\/2277"}],"up":[{"embeddable":true,"href":"https:\/\/atmendesyoga.de\/index.php?rest_route=\/wp\/v2\/pages\/21"}],"wp:attachment":[{"href":"https:\/\/atmendesyoga.de\/index.php?rest_route=%2Fwp%2Fv2%2Fmedia&parent=2116"}],"curies":[{"name":"wp","href":"https:\/\/api.w.org\/{rel}","templated":true}]}}

<div id="pl-gb2116-69f1cf946a9d3"  class="panel-layout wp-block-siteorigin-panels-layout-block" ><div id="pg-gb2116-69f1cf946a9d3-0"  class="panel-grid panel-has-style" ><div class="panel-row-style panel-row-style-for-gb2116-69f1cf946a9d3-0" ><div id="pgc-gb2116-69f1cf946a9d3-0-0"  class="panel-grid-cell panel-grid-cell-empty" ></div><div id="pgc-gb2116-69f1cf946a9d3-0-1"  class="panel-grid-cell panel-grid-cell-empty panel-grid-cell-mobile-last" ><div class="panel-cell-style panel-cell-style-for-gb2116-69f1cf946a9d3-0-1" ></div></div><div id="pgc-gb2116-69f1cf946a9d3-0-2"  class="panel-grid-cell panel-grid-cell-empty" ></div></div></div><div id="pg-gb2116-69f1cf946a9d3-1"  class="panel-grid panel-no-style" ><div id="pgc-gb2116-69f1cf946a9d3-1-0"  class="panel-grid-cell" ><div id="panel-gb2116-69f1cf946a9d3-1-0-0" class="so-panel widget widget_text panel-first-child" data-index="0" ><div class="panel-widget-style panel-widget-style-for-gb2116-69f1cf946a9d3-1-0-0" >			<div class="textwidget"><p><span style="font-family: Verdana, sans-serif;"><span style="font-size: large;"><b>MIT DER ERDE STEHEN<br />
</b></span></span><br />
<span style="font-family: Verdana, sans-serif;"><span style="font-size: large;"><b>standing with the earth<br />
</b></span></span></p>
<p align="justify"><span style="font-family: Verdana, sans-serif;"><span style="font-size: medium;">innehalten • lauschen • handeln<br />
</span></span></p>
<p align="justify"><span style="font-family: Verdana, sans-serif;"><span style="font-size: medium;"><b>EINLADUNG<br />
</b></span></span></p>
<p align="justify"><span style="font-family: Verdana, sans-serif;"><span style="font-size: medium;">Dies ist eine Einladung zum gemeinsamen Innehalten und Wahrnehmen in Zeiten tiefgreifender Krise und Ratlosigkeit. Wir können den so dringend nötigen Wandel nicht durch einen Kraftakt herbeiführen. In Ruhe zu lauschen kann uns helfen, weder in lähmende Verzweiflung noch in blinden Aktionismus zu verfallen.</span></span></p>
<p align="justify"><span style="font-family: Verdana, sans-serif;"><span style="font-size: medium;">Die Verbundenheit mit der Erde spüren &#8211; das ist im Moment vielleicht mit das Radikalste, was wir tun können: zärtlich, solidarisch und unbeirrbar. In uns Menschen gibt es eine tiefe Sehnsucht danach, zu fühlen, dass wir lebendig und verbunden sind. Wir brauchen vielleicht nur Gelegenheiten, es (gemeinsam) zu erleben.</span></span></p>
<p><span style="font-family: Verdana, sans-serif;"><span style="font-size: medium;"><b>Nächste Termine in Kassel:</b></span></span><br />
<span style="font-family: Verdana, sans-serif;"><span style="font-size: medium;"><br />
Weitere Termine entstehen spontan nach Absprache mit unterschiedlichen Initiativgruppen und werden hier mitgeteilt.<br />
</span></span></p>
<p><span style="font-family: Verdana, sans-serif;"><span style="font-size: medium;"><b><br />
Komm, lass uns gemeinsam mit der Erde stehen!</b></span></span></p>
<p align="justify"><span style="font-family: Verdana, sans-serif;"><span style="font-size: medium;"><br />
Dies ist eine Aktion, die in Bezug steht zu den SDG, den 17 Nachhaltigkeitszielen der UN, und zu den IDG, den inneren Entwicklungszielen.<br />
</span></span></p>
<p><span style="font-family: Verdana, sans-serif;"><span style="font-size: medium;"><b>Was genau machen wir beim „standing with the earth“:</b></span></span></p>
<p align="justify"><span style="font-family: Verdana, sans-serif;"><span style="font-size: medium;">Wir kommen im Kreis zusammen. Wir stehen auf der Erde – diese Erdkugel, die eben unter unseren Füßen spürbar ist! Für 20 Minuten stehen, kauern, sitzen, liegen wir, ganz so wie es jeweils für jede und jeden stimmig ist. In dieser Zeit „lauschen“ wir mit allen Sinnen, nehmen in Stille Kontakt auf zu dem in diesem Augenblick erlebten Stück Erde. Diese stillen Aktionen, die „das Wahrnehmen als Wandelimpuls in die Öffentlichkeit bringen“ (Heike Pourian), entfalten eine beeindruckende Wirksamkeit sowohl nach innen als auch in die Umgebung hinein. – Nach den zwanzig Minuten des stillen Wahrnehmens, kommen wir für etwa zehn Minuten zusammen, um miteinander zu teilen, was wir erlebt haben. Damit wird das Wahrnehmungsfeld noch einmal um die Erfahrungen von anderen erweitert, die mit uns gestanden haben und wir erkennen einen größeren Teil der Ganzheit, in der wir leben.<br />
Die Initiative zu „standing with the earth“ kommt von Heike Pourian. Inzwischen entfaltet diese Aktivität ihre Kraft an vielen Orten, wo weitere Menschen sie ausführen.</span></span></p>
</div>
		</div></div><div id="panel-gb2116-69f1cf946a9d3-1-0-1" class="so-panel widget widget_text panel-last-child" data-index="1" ><div class="panel-widget-style panel-widget-style-for-gb2116-69f1cf946a9d3-1-0-1" >			<div class="textwidget"><p><span style="font-family: Verdana, sans-serif;"><span style="font-size: xx-small;">Foto: Paco Yoncaova</span></span></p>
</div>
		</div></div></div></div><div id="pg-gb2116-69f1cf946a9d3-2"  class="panel-grid panel-no-style" ><div id="pgc-gb2116-69f1cf946a9d3-2-0"  class="panel-grid-cell panel-grid-cell-empty" ></div><div id="pgc-gb2116-69f1cf946a9d3-2-1"  class="panel-grid-cell panel-grid-cell-mobile-last" ><div id="panel-gb2116-69f1cf946a9d3-2-1-0" class="so-panel widget widget_media_image panel-first-child panel-last-child" data-index="2" ><div class="kleine-sonne panel-widget-style panel-widget-style-for-gb2116-69f1cf946a9d3-2-1-0" ><img loading="lazy" decoding="async" width="50" height="51" src="https://atmendesyoga.de/wp-content/uploads/2019/11/sonne_50x50.jpg" class="image wp-image-66  attachment-full size-full" alt="" style="max-width: 100%; height: auto;" /></div></div></div><div id="pgc-gb2116-69f1cf946a9d3-2-2"  class="panel-grid-cell panel-grid-cell-empty" ></div></div></div>

<p>MIT DER ERDE STEHEN standing with the earth innehalten • lauschen • handeln EINLADUNG Dies ist eine Einladung zum gemeinsamen Innehalten und Wahrnehmen in Zeiten tiefgreifender Krise und Ratlosigkeit. Wir können den so dringend nötigen Wandel nicht durch einen Kraftakt</p>

<!-- This site is optimized with the Yoast SEO plugin v27.5 - https://yoast.com/product/yoast-seo-wordpress/ -->
<title>standing - Atmendesyoga</title>
<meta name="robots" content="index, follow, max-snippet:-1, max-image-preview:large, max-video-preview:-1" />
<link rel="canonical" href="https://atmendesyoga.de/?page_id=2116" />
<meta property="og:locale" content="de_DE" />
<meta property="og:type" content="article" />
<meta property="og:title" content="standing - Atmendesyoga" />
<meta property="og:description" content="MIT DER ERDE STEHEN standing with the earth innehalten • lauschen • handeln EINLADUNG Dies ist eine Einladung zum gemeinsamen Innehalten und Wahrnehmen in Zeiten tiefgreifender Krise und Ratlosigkeit. Wir können den so dringend nötigen Wandel nicht durch einen Kraftakt" />
<meta property="og:url" content="https://atmendesyoga.de/?page_id=2116" />
<meta property="og:site_name" content="Atmendesyoga" />
<meta property="article:modified_time" content="2024-10-13T09:25:40+00:00" />
<meta name="twitter:card" content="summary_large_image" />
<meta name="twitter:label1" content="Geschätzte Lesezeit" />
	<meta name="twitter:data1" content="3 Minuten" />
<script type="application/ld+json" class="yoast-schema-graph">{"@context":"https:\/\/schema.org","@graph":[{"@type":"WebPage","@id":"https:\/\/atmendesyoga.de\/?page_id=2116","url":"https:\/\/atmendesyoga.de\/?page_id=2116","name":"standing - Atmendesyoga","isPartOf":{"@id":"https:\/\/atmendesyoga.de\/#website"},"datePublished":"2023-08-22T11:36:33+00:00","dateModified":"2024-10-13T09:25:40+00:00","breadcrumb":{"@id":"https:\/\/atmendesyoga.de\/?page_id=2116#breadcrumb"},"inLanguage":"de","potentialAction":[{"@type":"ReadAction","target":["https:\/\/atmendesyoga.de\/?page_id=2116"]}]},{"@type":"BreadcrumbList","@id":"https:\/\/atmendesyoga.de\/?page_id=2116#breadcrumb","itemListElement":[{"@type":"ListItem","position":1,"name":"Startseite","item":"https:\/\/atmendesyoga.de\/"},{"@type":"ListItem","position":2,"name":"Kursprogramm","item":"https:\/\/atmendesyoga.de\/?page_id=21"},{"@type":"ListItem","position":3,"name":"standing"}]},{"@type":"WebSite","@id":"https:\/\/atmendesyoga.de\/#website","url":"https:\/\/atmendesyoga.de\/","name":"Atmendesyoga","description":"","potentialAction":[{"@type":"SearchAction","target":{"@type":"EntryPoint","urlTemplate":"https:\/\/atmendesyoga.de\/?s={search_term_string}"},"query-input":{"@type":"PropertyValueSpecification","valueRequired":true,"valueName":"search_term_string"}}],"inLanguage":"de"}]}</script>
<!-- / Yoast SEO plugin. -->

MIT DER ERDE STEHEN standing with the earth innehalten • lauschen • handeln EINLADUNG Dies ist eine Einladung zum gemeinsamen Innehalten und Wahrnehmen in Zeiten tiefgreifender Krise und Ratlosigkeit. Wir können den so dringend nötigen Wandel nicht durch einen Kraftakt
