{"id":2286,"date":"2024-12-23T11:02:53","date_gmt":"2024-12-23T11:02:53","guid":{"rendered":"https:\/\/atmendesyoga.de\/?page_id=2286"},"modified":"2024-12-23T11:02:54","modified_gmt":"2024-12-23T11:02:54","slug":"praxisworkshop-pra%e1%b9%87ayama-und-meditation-erlangen","status":"publish","type":"page","link":"https:\/\/atmendesyoga.de\/?page_id=2286","title":{"rendered":"Praxisworkshop Pr\u0101\u1e47\u0101y\u0101ma und Meditation, Erlangen"},"content":{"rendered":"<div id=\"pl-gb2286-69f452cc33a4a\"  class=\"panel-layout wp-block-siteorigin-panels-layout-block\" ><div id=\"pg-gb2286-69f452cc33a4a-0\"  class=\"panel-grid panel-has-style\" ><div class=\"panel-row-style panel-row-style-for-gb2286-69f452cc33a4a-0\" ><div id=\"pgc-gb2286-69f452cc33a4a-0-0\"  class=\"panel-grid-cell panel-grid-cell-empty\" ><\/div><div id=\"pgc-gb2286-69f452cc33a4a-0-1\"  class=\"panel-grid-cell panel-grid-cell-empty panel-grid-cell-mobile-last\" ><div class=\"panel-cell-style panel-cell-style-for-gb2286-69f452cc33a4a-0-1\" ><\/div><\/div><div id=\"pgc-gb2286-69f452cc33a4a-0-2\"  class=\"panel-grid-cell panel-grid-cell-empty\" ><\/div><\/div><\/div><div id=\"pg-gb2286-69f452cc33a4a-1\"  class=\"panel-grid panel-no-style\" ><div id=\"pgc-gb2286-69f452cc33a4a-1-0\"  class=\"panel-grid-cell\" ><div id=\"panel-gb2286-69f452cc33a4a-1-0-0\" class=\"so-panel widget widget_text panel-first-child\" data-index=\"0\" ><div class=\"panel-widget-style panel-widget-style-for-gb2286-69f452cc33a4a-1-0-0\" ><h3 class=\"widget-title\">Yoga und das Soziale Feld<\/h3>\t\t\t<div class=\"textwidget\"><p><span style=\"font-family: Verdana, sans-serif;\"><span style=\"font-size: large;\"><b>Praxisworkshop Pr\u0101\u1e47\u0101y\u0101ma und Meditation<br \/>\n<\/b><\/span><\/span><\/p>\n<p align=\"justify\"><span style=\"font-family: Verdana, sans-serif;\"><span style=\"font-size: medium;\">Wer alle Begierden losl\u00e4sst und ohne Erwartungen handelt, frei von \u201eIch\u201c und \u201eMein\u201c, gelangt zu tiefem, umfassenden Frieden.<br \/>\n\u2013 Bhagavad G\u012bt\u0101<br \/>\n<\/span><\/span><\/p>\n<p align=\"justify\"><span style=\"font-family: Verdana, sans-serif;\"><span style=\"font-size: medium;\">Jenseits von \u201eIch\u201c und \u201eMein\u201c gibt es einen Ort, wo es in uns still wird. In dieser Stille begegnen wir der unermesslichen Weite in unserem Herzen, die gleichzeitig eine in sich ruhende Mitte enth\u00e4lt. Wenn wir uns aus dieser Mitte heraus der Welt zuwenden, l\u00f6sen wir uns nach und nach von den F\u00e4ngen des individuellen Verlangens und der Abwehr, von r\u0101ga und dve\u1e63a im Gefolge von asmit\u0101. Unsere Begegnungen und Handlungen bekommen eine neue Qualit\u00e4t. Ein \u201eWir in der Gesamtheit\u201c tritt allm\u00e4hlich in Erscheinung. Wir erleben uns im Gef\u00fcge eines gr\u00f6\u00dferen Ganzen, wir erleben Verbundenheit. Wir gelangen zu Yoga. Yoga ist Verbundenheit.<br \/>\n<\/span><\/span><\/p>\n<p align=\"justify\"><span style=\"font-family: Verdana, sans-serif;\"><span style=\"font-size: medium;\">In diesem Workshop erkunden wir gemeinsam, wie wir der Erfahrung von Offenheit und Weite n\u00e4her kommen, welche Hindernisse uns dabei im Weg stehen, und wie die Erfahrung der Verbundenheit unser Verhalten im Sozialen Feld befruchtet. Bhagavad G\u012bt\u0101 und Yoga S\u016btra dienen als Leitfaden f\u00fcr die Erforschung des Themas. Pr\u0101\u1e47\u0101y\u0101ma und Meditation bilden den Schwerpunkt der Praxis. Eine zus\u00e4tzliche \u00dcbungseinheit l\u00e4dt dazu ein, mit Begegnungsr\u00e4umen experimentieren, um unsere Einsichten zu vertiefen und einen Bogen zu Alltagserfahrungen zu spannen.<br \/>\n<\/span><\/span><\/p>\n<p><span style=\"font-family: Verdana, sans-serif;\"><span style=\"font-size: medium;\"><b>Seminarleitung:<\/b><\/span><\/span><br \/>\n<span style=\"font-family: Verdana, sans-serif;\"><span style=\"font-size: medium;\">Osman Yoncaova, BDY\/EYU<\/span><\/span><br \/>\n<span style=\"font-family: Verdana, sans-serif;\"><span style=\"font-size: medium;\"><b>Ort:<\/b><\/span><\/span><br \/>\n<span style=\"font-family: Verdana, sans-serif;\"><span style=\"font-size: medium;\">YES Yogaschule Erlangen<\/span><\/span><br \/>\n<span style=\"font-family: Verdana, sans-serif;\"><span style=\"font-size: medium;\"><b>Zeit:<\/b><\/span><\/span><br \/>\n<span style=\"font-family: Verdana, sans-serif;\"><span style=\"font-size: medium;\">15.3.2025, 9:00 Uhr \u2013 16.3.2025, 13:00 Uhr<\/span><\/span><\/p>\n<p><a href=\"https:\/\/yogaschule-erlangen.de\/Organisatorisches.php#Kontakt\"><span style=\"font-family: Verdana, sans-serif;\"><span style=\"font-size: medium;\"><u><b>Weitere Details und Anmeldung \u00fcber YES Yogaschule Erlangen<\/b><\/u><\/span><\/span><\/a><\/p>\n<\/div>\n\t\t<\/div><\/div><div id=\"panel-gb2286-69f452cc33a4a-1-0-1\" class=\"so-panel widget widget_text panel-last-child\" data-index=\"1\" ><div class=\"panel-widget-style panel-widget-style-for-gb2286-69f452cc33a4a-1-0-1\" >\t\t\t<div class=\"textwidget\"><p><span style=\"font-family: Verdana, sans-serif;\"><span style=\"font-size: xx-small;\">Foto: Osman Yoncaova<\/span><\/span><\/p>\n<\/div>\n\t\t<\/div><\/div><\/div><\/div><div id=\"pg-gb2286-69f452cc33a4a-2\"  class=\"panel-grid panel-no-style\" ><div id=\"pgc-gb2286-69f452cc33a4a-2-0\"  class=\"panel-grid-cell panel-grid-cell-empty\" ><\/div><div id=\"pgc-gb2286-69f452cc33a4a-2-1\"  class=\"panel-grid-cell panel-grid-cell-mobile-last\" ><div id=\"panel-gb2286-69f452cc33a4a-2-1-0\" class=\"so-panel widget widget_media_image panel-first-child panel-last-child\" data-index=\"2\" ><div class=\"kleine-sonne panel-widget-style panel-widget-style-for-gb2286-69f452cc33a4a-2-1-0\" ><img loading=\"lazy\" decoding=\"async\" width=\"50\" height=\"51\" src=\"https:\/\/atmendesyoga.de\/wp-content\/uploads\/2019\/11\/sonne_50x50.jpg\" class=\"image wp-image-66  attachment-full size-full\" alt=\"\" style=\"max-width: 100%; height: auto;\" \/><\/div><\/div><\/div><div id=\"pgc-gb2286-69f452cc33a4a-2-2\"  class=\"panel-grid-cell panel-grid-cell-empty\" ><\/div><\/div><\/div>","protected":false},"excerpt":{"rendered":"<p>Praxisworkshop Pr\u0101\u1e47\u0101y\u0101ma und Meditation Wer alle Begierden losl\u00e4sst und ohne Erwartungen handelt, frei von \u201eIch\u201c und \u201eMein\u201c, gelangt zu tiefem, umfassenden Frieden. \u2013 Bhagavad G\u012bt\u0101 Jenseits von \u201eIch\u201c und \u201eMein\u201c gibt es einen Ort, wo es in uns still wird.<\/p>\n","protected":false},"author":2,"featured_media":0,"parent":21,"menu_order":0,"comment_status":"closed","ping_status":"closed","template":"","meta":{"footnotes":""},"class_list":["post-2286","page","type-page","status-publish","hentry"],"yoast_head":"<!-- This site is optimized with the Yoast SEO plugin v27.5 - https:\/\/yoast.com\/product\/yoast-seo-wordpress\/ -->\n<title>Praxisworkshop Pr\u0101\u1e47\u0101y\u0101ma und Meditation, Erlangen - Atmendesyoga<\/title>\n<meta name=\"robots\" content=\"index, follow, max-snippet:-1, max-image-preview:large, max-video-preview:-1\" \/>\n<link rel=\"canonical\" href=\"https:\/\/atmendesyoga.de\/?page_id=2286\" \/>\n<meta property=\"og:locale\" content=\"de_DE\" \/>\n<meta property=\"og:type\" content=\"article\" \/>\n<meta property=\"og:title\" content=\"Praxisworkshop Pr\u0101\u1e47\u0101y\u0101ma und Meditation, Erlangen - Atmendesyoga\" \/>\n<meta property=\"og:description\" content=\"Praxisworkshop Pr\u0101\u1e47\u0101y\u0101ma und Meditation Wer alle Begierden losl\u00e4sst und ohne Erwartungen handelt, frei von \u201eIch\u201c und \u201eMein\u201c, gelangt zu tiefem, umfassenden Frieden. \u2013 Bhagavad G\u012bt\u0101 Jenseits von \u201eIch\u201c und \u201eMein\u201c gibt es einen Ort, wo es in uns still wird.\" \/>\n<meta property=\"og:url\" content=\"https:\/\/atmendesyoga.de\/?page_id=2286\" \/>\n<meta property=\"og:site_name\" content=\"Atmendesyoga\" \/>\n<meta property=\"article:modified_time\" content=\"2024-12-23T11:02:54+00:00\" \/>\n<meta name=\"twitter:card\" content=\"summary_large_image\" \/>\n<meta name=\"twitter:label1\" content=\"Gesch\u00e4tzte Lesezeit\" \/>\n\t<meta name=\"twitter:data1\" content=\"2\u00a0Minuten\" \/>\n<script type=\"application\/ld+json\" class=\"yoast-schema-graph\">{\"@context\":\"https:\\\/\\\/schema.org\",\"@graph\":[{\"@type\":\"WebPage\",\"@id\":\"https:\\\/\\\/atmendesyoga.de\\\/?page_id=2286\",\"url\":\"https:\\\/\\\/atmendesyoga.de\\\/?page_id=2286\",\"name\":\"Praxisworkshop Pr\u0101\u1e47\u0101y\u0101ma und Meditation, Erlangen - Atmendesyoga\",\"isPartOf\":{\"@id\":\"https:\\\/\\\/atmendesyoga.de\\\/#website\"},\"datePublished\":\"2024-12-23T11:02:53+00:00\",\"dateModified\":\"2024-12-23T11:02:54+00:00\",\"breadcrumb\":{\"@id\":\"https:\\\/\\\/atmendesyoga.de\\\/?page_id=2286#breadcrumb\"},\"inLanguage\":\"de\",\"potentialAction\":[{\"@type\":\"ReadAction\",\"target\":[\"https:\\\/\\\/atmendesyoga.de\\\/?page_id=2286\"]}]},{\"@type\":\"BreadcrumbList\",\"@id\":\"https:\\\/\\\/atmendesyoga.de\\\/?page_id=2286#breadcrumb\",\"itemListElement\":[{\"@type\":\"ListItem\",\"position\":1,\"name\":\"Startseite\",\"item\":\"https:\\\/\\\/atmendesyoga.de\\\/\"},{\"@type\":\"ListItem\",\"position\":2,\"name\":\"Kursprogramm\",\"item\":\"https:\\\/\\\/atmendesyoga.de\\\/?page_id=21\"},{\"@type\":\"ListItem\",\"position\":3,\"name\":\"Praxisworkshop Pr\u0101\u1e47\u0101y\u0101ma und Meditation, Erlangen\"}]},{\"@type\":\"WebSite\",\"@id\":\"https:\\\/\\\/atmendesyoga.de\\\/#website\",\"url\":\"https:\\\/\\\/atmendesyoga.de\\\/\",\"name\":\"Atmendesyoga\",\"description\":\"\",\"potentialAction\":[{\"@type\":\"SearchAction\",\"target\":{\"@type\":\"EntryPoint\",\"urlTemplate\":\"https:\\\/\\\/atmendesyoga.de\\\/?s={search_term_string}\"},\"query-input\":{\"@type\":\"PropertyValueSpecification\",\"valueRequired\":true,\"valueName\":\"search_term_string\"}}],\"inLanguage\":\"de\"}]}<\/script>\n<!-- \/ Yoast SEO plugin. -->","yoast_head_json":{"title":"Praxisworkshop Pr\u0101\u1e47\u0101y\u0101ma und Meditation, Erlangen - Atmendesyoga","robots":{"index":"index","follow":"follow","max-snippet":"max-snippet:-1","max-image-preview":"max-image-preview:large","max-video-preview":"max-video-preview:-1"},"canonical":"https:\/\/atmendesyoga.de\/?page_id=2286","og_locale":"de_DE","og_type":"article","og_title":"Praxisworkshop Pr\u0101\u1e47\u0101y\u0101ma und Meditation, Erlangen - Atmendesyoga","og_description":"Praxisworkshop Pr\u0101\u1e47\u0101y\u0101ma und Meditation Wer alle Begierden losl\u00e4sst und ohne Erwartungen handelt, frei von \u201eIch\u201c und \u201eMein\u201c, gelangt zu tiefem, umfassenden Frieden. \u2013 Bhagavad G\u012bt\u0101 Jenseits von \u201eIch\u201c und \u201eMein\u201c gibt es einen Ort, wo es in uns still wird.","og_url":"https:\/\/atmendesyoga.de\/?page_id=2286","og_site_name":"Atmendesyoga","article_modified_time":"2024-12-23T11:02:54+00:00","twitter_card":"summary_large_image","twitter_misc":{"Gesch\u00e4tzte Lesezeit":"2\u00a0Minuten"},"schema":{"@context":"https:\/\/schema.org","@graph":[{"@type":"WebPage","@id":"https:\/\/atmendesyoga.de\/?page_id=2286","url":"https:\/\/atmendesyoga.de\/?page_id=2286","name":"Praxisworkshop Pr\u0101\u1e47\u0101y\u0101ma und Meditation, Erlangen - Atmendesyoga","isPartOf":{"@id":"https:\/\/atmendesyoga.de\/#website"},"datePublished":"2024-12-23T11:02:53+00:00","dateModified":"2024-12-23T11:02:54+00:00","breadcrumb":{"@id":"https:\/\/atmendesyoga.de\/?page_id=2286#breadcrumb"},"inLanguage":"de","potentialAction":[{"@type":"ReadAction","target":["https:\/\/atmendesyoga.de\/?page_id=2286"]}]},{"@type":"BreadcrumbList","@id":"https:\/\/atmendesyoga.de\/?page_id=2286#breadcrumb","itemListElement":[{"@type":"ListItem","position":1,"name":"Startseite","item":"https:\/\/atmendesyoga.de\/"},{"@type":"ListItem","position":2,"name":"Kursprogramm","item":"https:\/\/atmendesyoga.de\/?page_id=21"},{"@type":"ListItem","position":3,"name":"Praxisworkshop Pr\u0101\u1e47\u0101y\u0101ma und Meditation, Erlangen"}]},{"@type":"WebSite","@id":"https:\/\/atmendesyoga.de\/#website","url":"https:\/\/atmendesyoga.de\/","name":"Atmendesyoga","description":"","potentialAction":[{"@type":"SearchAction","target":{"@type":"EntryPoint","urlTemplate":"https:\/\/atmendesyoga.de\/?s={search_term_string}"},"query-input":{"@type":"PropertyValueSpecification","valueRequired":true,"valueName":"search_term_string"}}],"inLanguage":"de"}]}},"_links":{"self":[{"href":"https:\/\/atmendesyoga.de\/index.php?rest_route=\/wp\/v2\/pages\/2286","targetHints":{"allow":["GET"]}}],"collection":[{"href":"https:\/\/atmendesyoga.de\/index.php?rest_route=\/wp\/v2\/pages"}],"about":[{"href":"https:\/\/atmendesyoga.de\/index.php?rest_route=\/wp\/v2\/types\/page"}],"author":[{"embeddable":true,"href":"https:\/\/atmendesyoga.de\/index.php?rest_route=\/wp\/v2\/users\/2"}],"replies":[{"embeddable":true,"href":"https:\/\/atmendesyoga.de\/index.php?rest_route=%2Fwp%2Fv2%2Fcomments&post=2286"}],"version-history":[{"count":1,"href":"https:\/\/atmendesyoga.de\/index.php?rest_route=\/wp\/v2\/pages\/2286\/revisions"}],"predecessor-version":[{"id":2287,"href":"https:\/\/atmendesyoga.de\/index.php?rest_route=\/wp\/v2\/pages\/2286\/revisions\/2287"}],"up":[{"embeddable":true,"href":"https:\/\/atmendesyoga.de\/index.php?rest_route=\/wp\/v2\/pages\/21"}],"wp:attachment":[{"href":"https:\/\/atmendesyoga.de\/index.php?rest_route=%2Fwp%2Fv2%2Fmedia&parent=2286"}],"curies":[{"name":"wp","href":"https:\/\/api.w.org\/{rel}","templated":true}]}}

Praxisworkshop Prāṇāyāma und Meditation, Erlangen

<div id="pl-gb2286-69f452cc33a4a"  class="panel-layout wp-block-siteorigin-panels-layout-block" ><div id="pg-gb2286-69f452cc33a4a-0"  class="panel-grid panel-has-style" ><div class="panel-row-style panel-row-style-for-gb2286-69f452cc33a4a-0" ><div id="pgc-gb2286-69f452cc33a4a-0-0"  class="panel-grid-cell panel-grid-cell-empty" ></div><div id="pgc-gb2286-69f452cc33a4a-0-1"  class="panel-grid-cell panel-grid-cell-empty panel-grid-cell-mobile-last" ><div class="panel-cell-style panel-cell-style-for-gb2286-69f452cc33a4a-0-1" ></div></div><div id="pgc-gb2286-69f452cc33a4a-0-2"  class="panel-grid-cell panel-grid-cell-empty" ></div></div></div><div id="pg-gb2286-69f452cc33a4a-1"  class="panel-grid panel-no-style" ><div id="pgc-gb2286-69f452cc33a4a-1-0"  class="panel-grid-cell" ><div id="panel-gb2286-69f452cc33a4a-1-0-0" class="so-panel widget widget_text panel-first-child" data-index="0" ><div class="panel-widget-style panel-widget-style-for-gb2286-69f452cc33a4a-1-0-0" ><h3 class="widget-title">Yoga und das Soziale Feld</h3>			<div class="textwidget"><p><span style="font-family: Verdana, sans-serif;"><span style="font-size: large;"><b>Praxisworkshop Prāṇāyāma und Meditation<br />
</b></span></span></p>
<p align="justify"><span style="font-family: Verdana, sans-serif;"><span style="font-size: medium;">Wer alle Begierden loslässt und ohne Erwartungen handelt, frei von „Ich“ und „Mein“, gelangt zu tiefem, umfassenden Frieden.<br />
– Bhagavad Gītā<br />
</span></span></p>
<p align="justify"><span style="font-family: Verdana, sans-serif;"><span style="font-size: medium;">Jenseits von „Ich“ und „Mein“ gibt es einen Ort, wo es in uns still wird. In dieser Stille begegnen wir der unermesslichen Weite in unserem Herzen, die gleichzeitig eine in sich ruhende Mitte enthält. Wenn wir uns aus dieser Mitte heraus der Welt zuwenden, lösen wir uns nach und nach von den Fängen des individuellen Verlangens und der Abwehr, von rāga und dveṣa im Gefolge von asmitā. Unsere Begegnungen und Handlungen bekommen eine neue Qualität. Ein „Wir in der Gesamtheit“ tritt allmählich in Erscheinung. Wir erleben uns im Gefüge eines größeren Ganzen, wir erleben Verbundenheit. Wir gelangen zu Yoga. Yoga ist Verbundenheit.<br />
</span></span></p>
<p align="justify"><span style="font-family: Verdana, sans-serif;"><span style="font-size: medium;">In diesem Workshop erkunden wir gemeinsam, wie wir der Erfahrung von Offenheit und Weite näher kommen, welche Hindernisse uns dabei im Weg stehen, und wie die Erfahrung der Verbundenheit unser Verhalten im Sozialen Feld befruchtet. Bhagavad Gītā und Yoga Sūtra dienen als Leitfaden für die Erforschung des Themas. Prāṇāyāma und Meditation bilden den Schwerpunkt der Praxis. Eine zusätzliche Übungseinheit lädt dazu ein, mit Begegnungsräumen experimentieren, um unsere Einsichten zu vertiefen und einen Bogen zu Alltagserfahrungen zu spannen.<br />
</span></span></p>
<p><span style="font-family: Verdana, sans-serif;"><span style="font-size: medium;"><b>Seminarleitung:</b></span></span><br />
<span style="font-family: Verdana, sans-serif;"><span style="font-size: medium;">Osman Yoncaova, BDY/EYU</span></span><br />
<span style="font-family: Verdana, sans-serif;"><span style="font-size: medium;"><b>Ort:</b></span></span><br />
<span style="font-family: Verdana, sans-serif;"><span style="font-size: medium;">YES Yogaschule Erlangen</span></span><br />
<span style="font-family: Verdana, sans-serif;"><span style="font-size: medium;"><b>Zeit:</b></span></span><br />
<span style="font-family: Verdana, sans-serif;"><span style="font-size: medium;">15.3.2025, 9:00 Uhr – 16.3.2025, 13:00 Uhr</span></span></p>
<p><a href="https://yogaschule-erlangen.de/Organisatorisches.php#Kontakt"><span style="font-family: Verdana, sans-serif;"><span style="font-size: medium;"><u><b>Weitere Details und Anmeldung über YES Yogaschule Erlangen</b></u></span></span></a></p>
</div>
		</div></div><div id="panel-gb2286-69f452cc33a4a-1-0-1" class="so-panel widget widget_text panel-last-child" data-index="1" ><div class="panel-widget-style panel-widget-style-for-gb2286-69f452cc33a4a-1-0-1" >			<div class="textwidget"><p><span style="font-family: Verdana, sans-serif;"><span style="font-size: xx-small;">Foto: Osman Yoncaova</span></span></p>
</div>
		</div></div></div></div><div id="pg-gb2286-69f452cc33a4a-2"  class="panel-grid panel-no-style" ><div id="pgc-gb2286-69f452cc33a4a-2-0"  class="panel-grid-cell panel-grid-cell-empty" ></div><div id="pgc-gb2286-69f452cc33a4a-2-1"  class="panel-grid-cell panel-grid-cell-mobile-last" ><div id="panel-gb2286-69f452cc33a4a-2-1-0" class="so-panel widget widget_media_image panel-first-child panel-last-child" data-index="2" ><div class="kleine-sonne panel-widget-style panel-widget-style-for-gb2286-69f452cc33a4a-2-1-0" ><img loading="lazy" decoding="async" width="50" height="51" src="https://atmendesyoga.de/wp-content/uploads/2019/11/sonne_50x50.jpg" class="image wp-image-66  attachment-full size-full" alt="" style="max-width: 100%; height: auto;" /></div></div></div><div id="pgc-gb2286-69f452cc33a4a-2-2"  class="panel-grid-cell panel-grid-cell-empty" ></div></div></div>

<p>Praxisworkshop Prāṇāyāma und Meditation Wer alle Begierden loslässt und ohne Erwartungen handelt, frei von „Ich“ und „Mein“, gelangt zu tiefem, umfassenden Frieden. – Bhagavad Gītā Jenseits von „Ich“ und „Mein“ gibt es einen Ort, wo es in uns still wird.</p>

<!-- This site is optimized with the Yoast SEO plugin v27.5 - https://yoast.com/product/yoast-seo-wordpress/ -->
<title>Praxisworkshop Prāṇāyāma und Meditation, Erlangen - Atmendesyoga</title>
<meta name="robots" content="index, follow, max-snippet:-1, max-image-preview:large, max-video-preview:-1" />
<link rel="canonical" href="https://atmendesyoga.de/?page_id=2286" />
<meta property="og:locale" content="de_DE" />
<meta property="og:type" content="article" />
<meta property="og:title" content="Praxisworkshop Prāṇāyāma und Meditation, Erlangen - Atmendesyoga" />
<meta property="og:description" content="Praxisworkshop Prāṇāyāma und Meditation Wer alle Begierden loslässt und ohne Erwartungen handelt, frei von „Ich“ und „Mein“, gelangt zu tiefem, umfassenden Frieden. – Bhagavad Gītā Jenseits von „Ich“ und „Mein“ gibt es einen Ort, wo es in uns still wird." />
<meta property="og:url" content="https://atmendesyoga.de/?page_id=2286" />
<meta property="og:site_name" content="Atmendesyoga" />
<meta property="article:modified_time" content="2024-12-23T11:02:54+00:00" />
<meta name="twitter:card" content="summary_large_image" />
<meta name="twitter:label1" content="Geschätzte Lesezeit" />
	<meta name="twitter:data1" content="2 Minuten" />
<script type="application/ld+json" class="yoast-schema-graph">{"@context":"https:\/\/schema.org","@graph":[{"@type":"WebPage","@id":"https:\/\/atmendesyoga.de\/?page_id=2286","url":"https:\/\/atmendesyoga.de\/?page_id=2286","name":"Praxisworkshop Prāṇāyāma und Meditation, Erlangen - Atmendesyoga","isPartOf":{"@id":"https:\/\/atmendesyoga.de\/#website"},"datePublished":"2024-12-23T11:02:53+00:00","dateModified":"2024-12-23T11:02:54+00:00","breadcrumb":{"@id":"https:\/\/atmendesyoga.de\/?page_id=2286#breadcrumb"},"inLanguage":"de","potentialAction":[{"@type":"ReadAction","target":["https:\/\/atmendesyoga.de\/?page_id=2286"]}]},{"@type":"BreadcrumbList","@id":"https:\/\/atmendesyoga.de\/?page_id=2286#breadcrumb","itemListElement":[{"@type":"ListItem","position":1,"name":"Startseite","item":"https:\/\/atmendesyoga.de\/"},{"@type":"ListItem","position":2,"name":"Kursprogramm","item":"https:\/\/atmendesyoga.de\/?page_id=21"},{"@type":"ListItem","position":3,"name":"Praxisworkshop Prāṇāyāma und Meditation, Erlangen"}]},{"@type":"WebSite","@id":"https:\/\/atmendesyoga.de\/#website","url":"https:\/\/atmendesyoga.de\/","name":"Atmendesyoga","description":"","potentialAction":[{"@type":"SearchAction","target":{"@type":"EntryPoint","urlTemplate":"https:\/\/atmendesyoga.de\/?s={search_term_string}"},"query-input":{"@type":"PropertyValueSpecification","valueRequired":true,"valueName":"search_term_string"}}],"inLanguage":"de"}]}</script>
<!-- / Yoast SEO plugin. -->

Praxisworkshop Prāṇāyāma und Meditation, Erlangen - Atmendesyoga

Praxisworkshop Prāṇāyāma und Meditation Wer alle Begierden loslässt und ohne Erwartungen handelt, frei von „Ich“ und „Mein“, gelangt zu tiefem, umfassenden Frieden. – Bhagavad Gītā Jenseits von „Ich“ und „Mein“ gibt es einen Ort, wo es in uns still wird.
