{"id":2292,"date":"2024-12-23T11:58:18","date_gmt":"2024-12-23T11:58:18","guid":{"rendered":"https:\/\/atmendesyoga.de\/?page_id=2292"},"modified":"2025-09-15T06:58:49","modified_gmt":"2025-09-15T06:58:49","slug":"wochenendseminar","status":"publish","type":"page","link":"https:\/\/atmendesyoga.de\/?page_id=2292","title":{"rendered":"YOGA-DIALOGE"},"content":{"rendered":"<div id=\"pl-gb2292-69e01fa7c06c0\"  class=\"panel-layout wp-block-siteorigin-panels-layout-block\" ><div id=\"pg-gb2292-69e01fa7c06c0-0\"  class=\"panel-grid panel-has-style\" ><div class=\"panel-row-style panel-row-style-for-gb2292-69e01fa7c06c0-0\" ><div id=\"pgc-gb2292-69e01fa7c06c0-0-0\"  class=\"panel-grid-cell panel-grid-cell-empty\" ><\/div><div id=\"pgc-gb2292-69e01fa7c06c0-0-1\"  class=\"panel-grid-cell panel-grid-cell-empty panel-grid-cell-mobile-last\" ><div class=\"panel-cell-style panel-cell-style-for-gb2292-69e01fa7c06c0-0-1\" ><\/div><\/div><div id=\"pgc-gb2292-69e01fa7c06c0-0-2\"  class=\"panel-grid-cell panel-grid-cell-empty\" ><\/div><\/div><\/div><div id=\"pg-gb2292-69e01fa7c06c0-1\"  class=\"panel-grid panel-no-style\" ><div id=\"pgc-gb2292-69e01fa7c06c0-1-0\"  class=\"panel-grid-cell panel-grid-cell-mobile-last\" ><div id=\"panel-gb2292-69e01fa7c06c0-1-0-0\" class=\"so-panel widget widget_media_image panel-first-child panel-last-child\" data-index=\"0\" ><img loading=\"lazy\" decoding=\"async\" width=\"206\" height=\"199\" src=\"https:\/\/atmendesyoga.de\/wp-content\/uploads\/2025\/06\/SZ-Logo_klein.jpg\" class=\"image wp-image-2313  attachment-full size-full\" alt=\"\" style=\"max-width: 100%; height: auto;\" srcset=\"https:\/\/atmendesyoga.de\/wp-content\/uploads\/2025\/06\/SZ-Logo_klein.jpg 206w, https:\/\/atmendesyoga.de\/wp-content\/uploads\/2025\/06\/SZ-Logo_klein-120x116.jpg 120w\" sizes=\"auto, (max-width: 206px) 100vw, 206px\" \/><\/div><\/div><div id=\"pgc-gb2292-69e01fa7c06c0-1-1\"  class=\"panel-grid-cell panel-grid-cell-empty\" ><\/div><\/div><div id=\"pg-gb2292-69e01fa7c06c0-2\"  class=\"panel-grid panel-no-style\" ><div id=\"pgc-gb2292-69e01fa7c06c0-2-0\"  class=\"panel-grid-cell\" ><div id=\"panel-gb2292-69e01fa7c06c0-2-0-0\" class=\"so-panel widget widget_text panel-first-child\" data-index=\"1\" ><div class=\"panel-widget-style panel-widget-style-for-gb2292-69e01fa7c06c0-2-0-0\" ><h3 class=\"widget-title\">YOGA-DIALOGE<\/h3>\t\t\t<div class=\"textwidget\"><p><span style=\"font-family: Verdana, sans-serif;\"><span style=\"font-size: large;\"><b>\u201eSprechen &amp; Zuh\u00f6ren\u201c zu Fragen von Yoga und Gesellschaft.<br \/>\nYoga und Leben im gemeinsamen Dialog ergr\u00fcnden.<br \/>\n<\/b><\/span><\/span><\/p>\n<p align=\"justify\"><span style=\"font-family: Verdana, sans-serif;\"><span style=\"font-size: medium;\">Als Grundlagentext des Yoga ist die Bhagavad G\u012bt\u0101 ein Dialog zwischen Krishna, der die allumfassende Weisheit des Seins repr\u00e4sentiert, und dem Menschen Arjuna mit all seinen Fragen mitten im Leben. Im Dialog miteinander verstehen wir uns selbst und das Leben, das uns in anderen Menschen begegnet. Begegnung und Beziehung beginnt mit dem Lauschen. Lauschen in die Stille, lauschen in die pulsierende Lebendigkeit der Ganzheit, die wir auf dieser Erde miteinander sind.<br \/>\n<\/span><\/span><\/p>\n<p align=\"justify\"><span style=\"font-family: Verdana, sans-serif;\"><span style=\"font-size: medium;\">Ab September lade ich yogabewegte und andere interessierte Menschen dazu ein, ein Mal im Monat zu einem \u201eSprechen &amp; Zuh\u00f6ren\u201c (online) zusammenzukommen, um unsere Alltagserfahrungen im Lichte des Yoga miteinander zu teilen und im Dialog in die Tiefe der gemeinsamen Mitte zu lauschen. Wie erleben wir aktuelle, gesellschaftliche Fragen aus der Perspektive und mit der Erfahrung des Yoga? Das Angebot verstehe ich als eine Einladung zur gemeinschaftlichen Initiative, als ein Zusammenkommen im Sinne eines sa\u1e45gha.<\/span><\/span><\/p>\n<p align=\"justify\"><span style=\"font-family: Verdana, sans-serif;\"><span style=\"font-size: medium;\"><b>Erste Termine: 21.9. \/ 19.10. \/ 30.11.<br \/>\n19.30 bis ca. 21:30 Uhr<\/b><\/span><\/span><\/p>\n<p align=\"justify\"><span style=\"font-family: Verdana, sans-serif;\"><span style=\"font-size: medium;\">Nach einer 20-min\u00fctigen Atem- und Meditationspraxis \u00f6ffnen wir den Raum f\u00fcr den Dialog, der selbst als eine interaktive Yogapraxis verstanden ist. \u201e<i>Sie k\u00f6nnen nur dann zuh\u00f6ren, wenn der Verstand ruhig ist, wenn der Verstand nicht sofort reagiert, wenn es eine Pause zwischen Ihrer Reaktion und dem, was gesagt wird, gibt. In diesem Intervall herrscht dann eine Stille, eine Stille, in der allein ein Verstehen stattfindet, das kein intellektuelles Verstehen ist,<\/i>\u201c sagt J. Krishnamurti.<\/span><\/span><\/p>\n<p align=\"justify\"><span style=\"font-family: Verdana, sans-serif;\"><span style=\"font-size: medium;\">Kreisdialoge leben von der Qualit\u00e4t des Zwischen, des Raums in der Mitte \u2013 madhya. So auch das \u201eSprechen &amp; Zuh\u00f6ren\u201c, das von <a href=\"https:\/\/www.mehr-demokratie.de\/mehr-wissen\/demokratische-kultur\/sprechen-zuhoeren\">\u201eMehr Demokratie e.V.\u201c<\/a> im Kontext des gesellschaftlichen Miteinanders entwickelt wurde.<br \/>\n<\/span><\/span><\/p>\n<p align=\"justify\"><span style=\"font-family: Verdana, sans-serif;\"><span style=\"font-size: medium;\"><b>Um mitzumachen und f\u00fcr weitere Infos kontaktiere mich gerne per Mail:<\/b><br \/>\natmen(\u00e4t)atmendesyoga.de<\/span><\/span><\/p>\n<\/div>\n\t\t<\/div><\/div><div id=\"panel-gb2292-69e01fa7c06c0-2-0-1\" class=\"so-panel widget widget_text panel-last-child\" data-index=\"2\" ><div class=\"panel-widget-style panel-widget-style-for-gb2292-69e01fa7c06c0-2-0-1\" >\t\t\t<div class=\"textwidget\"><p><span style=\"font-family: Verdana, sans-serif;\"><span style=\"font-size: xx-small;\">Foto: Osman Yoncaova<\/span><\/span><\/p>\n<\/div>\n\t\t<\/div><\/div><\/div><\/div><div id=\"pg-gb2292-69e01fa7c06c0-3\"  class=\"panel-grid panel-no-style\" ><div id=\"pgc-gb2292-69e01fa7c06c0-3-0\"  class=\"panel-grid-cell panel-grid-cell-empty\" ><\/div><div id=\"pgc-gb2292-69e01fa7c06c0-3-1\"  class=\"panel-grid-cell panel-grid-cell-mobile-last\" ><div id=\"panel-gb2292-69e01fa7c06c0-3-1-0\" class=\"so-panel widget widget_media_image panel-first-child panel-last-child\" data-index=\"3\" ><div class=\"kleine-sonne panel-widget-style panel-widget-style-for-gb2292-69e01fa7c06c0-3-1-0\" ><img loading=\"lazy\" decoding=\"async\" width=\"50\" height=\"51\" src=\"https:\/\/atmendesyoga.de\/wp-content\/uploads\/2019\/11\/sonne_50x50.jpg\" class=\"image wp-image-66  attachment-full size-full\" alt=\"\" style=\"max-width: 100%; height: auto;\" \/><\/div><\/div><\/div><div id=\"pgc-gb2292-69e01fa7c06c0-3-2\"  class=\"panel-grid-cell panel-grid-cell-empty\" ><\/div><\/div><\/div>","protected":false},"excerpt":{"rendered":"","protected":false},"author":2,"featured_media":0,"parent":21,"menu_order":0,"comment_status":"closed","ping_status":"closed","template":"","meta":{"footnotes":""},"class_list":["post-2292","page","type-page","status-publish","hentry"],"yoast_head":"<!-- This site is optimized with the Yoast SEO plugin v27.4 - https:\/\/yoast.com\/product\/yoast-seo-wordpress\/ -->\n<title>YOGA-DIALOGE - Atmendesyoga<\/title>\n<meta name=\"robots\" content=\"index, follow, max-snippet:-1, max-image-preview:large, max-video-preview:-1\" \/>\n<link rel=\"canonical\" href=\"https:\/\/atmendesyoga.de\/?page_id=2292\" \/>\n<meta property=\"og:locale\" content=\"de_DE\" \/>\n<meta property=\"og:type\" content=\"article\" \/>\n<meta property=\"og:title\" content=\"YOGA-DIALOGE - Atmendesyoga\" \/>\n<meta property=\"og:url\" content=\"https:\/\/atmendesyoga.de\/?page_id=2292\" \/>\n<meta property=\"og:site_name\" content=\"Atmendesyoga\" \/>\n<meta property=\"article:modified_time\" content=\"2025-09-15T06:58:49+00:00\" \/>\n<meta name=\"twitter:card\" content=\"summary_large_image\" \/>\n<meta name=\"twitter:label1\" content=\"Gesch\u00e4tzte Lesezeit\" \/>\n\t<meta name=\"twitter:data1\" content=\"3\u00a0Minuten\" \/>\n<script type=\"application\/ld+json\" class=\"yoast-schema-graph\">{\"@context\":\"https:\\\/\\\/schema.org\",\"@graph\":[{\"@type\":\"WebPage\",\"@id\":\"https:\\\/\\\/atmendesyoga.de\\\/?page_id=2292\",\"url\":\"https:\\\/\\\/atmendesyoga.de\\\/?page_id=2292\",\"name\":\"YOGA-DIALOGE - Atmendesyoga\",\"isPartOf\":{\"@id\":\"https:\\\/\\\/atmendesyoga.de\\\/#website\"},\"datePublished\":\"2024-12-23T11:58:18+00:00\",\"dateModified\":\"2025-09-15T06:58:49+00:00\",\"breadcrumb\":{\"@id\":\"https:\\\/\\\/atmendesyoga.de\\\/?page_id=2292#breadcrumb\"},\"inLanguage\":\"de\",\"potentialAction\":[{\"@type\":\"ReadAction\",\"target\":[\"https:\\\/\\\/atmendesyoga.de\\\/?page_id=2292\"]}]},{\"@type\":\"BreadcrumbList\",\"@id\":\"https:\\\/\\\/atmendesyoga.de\\\/?page_id=2292#breadcrumb\",\"itemListElement\":[{\"@type\":\"ListItem\",\"position\":1,\"name\":\"Startseite\",\"item\":\"https:\\\/\\\/atmendesyoga.de\\\/\"},{\"@type\":\"ListItem\",\"position\":2,\"name\":\"Kursprogramm\",\"item\":\"https:\\\/\\\/atmendesyoga.de\\\/?page_id=21\"},{\"@type\":\"ListItem\",\"position\":3,\"name\":\"YOGA-DIALOGE\"}]},{\"@type\":\"WebSite\",\"@id\":\"https:\\\/\\\/atmendesyoga.de\\\/#website\",\"url\":\"https:\\\/\\\/atmendesyoga.de\\\/\",\"name\":\"Atmendesyoga\",\"description\":\"\",\"potentialAction\":[{\"@type\":\"SearchAction\",\"target\":{\"@type\":\"EntryPoint\",\"urlTemplate\":\"https:\\\/\\\/atmendesyoga.de\\\/?s={search_term_string}\"},\"query-input\":{\"@type\":\"PropertyValueSpecification\",\"valueRequired\":true,\"valueName\":\"search_term_string\"}}],\"inLanguage\":\"de\"}]}<\/script>\n<!-- \/ Yoast SEO plugin. -->","yoast_head_json":{"title":"YOGA-DIALOGE - Atmendesyoga","robots":{"index":"index","follow":"follow","max-snippet":"max-snippet:-1","max-image-preview":"max-image-preview:large","max-video-preview":"max-video-preview:-1"},"canonical":"https:\/\/atmendesyoga.de\/?page_id=2292","og_locale":"de_DE","og_type":"article","og_title":"YOGA-DIALOGE - Atmendesyoga","og_url":"https:\/\/atmendesyoga.de\/?page_id=2292","og_site_name":"Atmendesyoga","article_modified_time":"2025-09-15T06:58:49+00:00","twitter_card":"summary_large_image","twitter_misc":{"Gesch\u00e4tzte Lesezeit":"3\u00a0Minuten"},"schema":{"@context":"https:\/\/schema.org","@graph":[{"@type":"WebPage","@id":"https:\/\/atmendesyoga.de\/?page_id=2292","url":"https:\/\/atmendesyoga.de\/?page_id=2292","name":"YOGA-DIALOGE - Atmendesyoga","isPartOf":{"@id":"https:\/\/atmendesyoga.de\/#website"},"datePublished":"2024-12-23T11:58:18+00:00","dateModified":"2025-09-15T06:58:49+00:00","breadcrumb":{"@id":"https:\/\/atmendesyoga.de\/?page_id=2292#breadcrumb"},"inLanguage":"de","potentialAction":[{"@type":"ReadAction","target":["https:\/\/atmendesyoga.de\/?page_id=2292"]}]},{"@type":"BreadcrumbList","@id":"https:\/\/atmendesyoga.de\/?page_id=2292#breadcrumb","itemListElement":[{"@type":"ListItem","position":1,"name":"Startseite","item":"https:\/\/atmendesyoga.de\/"},{"@type":"ListItem","position":2,"name":"Kursprogramm","item":"https:\/\/atmendesyoga.de\/?page_id=21"},{"@type":"ListItem","position":3,"name":"YOGA-DIALOGE"}]},{"@type":"WebSite","@id":"https:\/\/atmendesyoga.de\/#website","url":"https:\/\/atmendesyoga.de\/","name":"Atmendesyoga","description":"","potentialAction":[{"@type":"SearchAction","target":{"@type":"EntryPoint","urlTemplate":"https:\/\/atmendesyoga.de\/?s={search_term_string}"},"query-input":{"@type":"PropertyValueSpecification","valueRequired":true,"valueName":"search_term_string"}}],"inLanguage":"de"}]}},"_links":{"self":[{"href":"https:\/\/atmendesyoga.de\/index.php?rest_route=\/wp\/v2\/pages\/2292","targetHints":{"allow":["GET"]}}],"collection":[{"href":"https:\/\/atmendesyoga.de\/index.php?rest_route=\/wp\/v2\/pages"}],"about":[{"href":"https:\/\/atmendesyoga.de\/index.php?rest_route=\/wp\/v2\/types\/page"}],"author":[{"embeddable":true,"href":"https:\/\/atmendesyoga.de\/index.php?rest_route=\/wp\/v2\/users\/2"}],"replies":[{"embeddable":true,"href":"https:\/\/atmendesyoga.de\/index.php?rest_route=%2Fwp%2Fv2%2Fcomments&post=2292"}],"version-history":[{"count":14,"href":"https:\/\/atmendesyoga.de\/index.php?rest_route=\/wp\/v2\/pages\/2292\/revisions"}],"predecessor-version":[{"id":2339,"href":"https:\/\/atmendesyoga.de\/index.php?rest_route=\/wp\/v2\/pages\/2292\/revisions\/2339"}],"up":[{"embeddable":true,"href":"https:\/\/atmendesyoga.de\/index.php?rest_route=\/wp\/v2\/pages\/21"}],"wp:attachment":[{"href":"https:\/\/atmendesyoga.de\/index.php?rest_route=%2Fwp%2Fv2%2Fmedia&parent=2292"}],"curies":[{"name":"wp","href":"https:\/\/api.w.org\/{rel}","templated":true}]}}