{"id":55,"date":"2019-11-12T13:55:51","date_gmt":"2019-11-12T13:55:51","guid":{"rendered":"https:\/\/atmendesyoga.de\/?page_id=55"},"modified":"2024-01-23T08:50:59","modified_gmt":"2024-01-23T08:50:59","slug":"osman","status":"publish","type":"page","link":"https:\/\/atmendesyoga.de\/?page_id=55","title":{"rendered":"Osman"},"content":{"rendered":"<div id=\"pl-gb55-69f3ba0ea43dd\"  class=\"panel-layout\" ><div id=\"pg-gb55-69f3ba0ea43dd-0\"  class=\"panel-grid panel-no-style\" ><div id=\"pgc-gb55-69f3ba0ea43dd-0-0\"  class=\"panel-grid-cell\" ><div id=\"panel-gb55-69f3ba0ea43dd-0-0-0\" class=\"so-panel widget widget_media_image panel-first-child panel-last-child\" data-index=\"0\" ><img loading=\"lazy\" decoding=\"async\" width=\"300\" height=\"300\" src=\"https:\/\/atmendesyoga.de\/wp-content\/uploads\/2019\/11\/Portrait_400x400px-300x300.jpg\" class=\"image wp-image-121  attachment-medium size-medium\" alt=\"\" style=\"max-width: 100%; height: auto;\" srcset=\"https:\/\/atmendesyoga.de\/wp-content\/uploads\/2019\/11\/Portrait_400x400px-300x300.jpg 300w, https:\/\/atmendesyoga.de\/wp-content\/uploads\/2019\/11\/Portrait_400x400px-150x150.jpg 150w, https:\/\/atmendesyoga.de\/wp-content\/uploads\/2019\/11\/Portrait_400x400px-270x270.jpg 270w, https:\/\/atmendesyoga.de\/wp-content\/uploads\/2019\/11\/Portrait_400x400px-230x230.jpg 230w\" sizes=\"auto, (max-width: 300px) 100vw, 300px\" \/><\/div><\/div><div id=\"pgc-gb55-69f3ba0ea43dd-0-1\"  class=\"panel-grid-cell panel-grid-cell-empty\" ><\/div><div id=\"pgc-gb55-69f3ba0ea43dd-0-2\"  class=\"panel-grid-cell\" ><div id=\"panel-gb55-69f3ba0ea43dd-0-2-0\" class=\"so-panel widget widget_text panel-first-child panel-last-child\" data-index=\"1\" ><div class=\"panel-widget-style panel-widget-style-for-gb55-69f3ba0ea43dd-0-2-0\" >\t\t\t<div class=\"textwidget\"><p><em>w\u00e4hrend im wind<br \/>\ndie bl\u00e4tter sacht schaukeln<br \/>\nerkenne ich manchmal<br \/>\ndas l\u00e4cheln meines herzens<br \/>\nschaukelnd mit dem wind<br \/>\nund den bl\u00e4ttern<\/em><\/p>\n<\/div>\n\t\t<\/div><\/div><\/div><\/div><div id=\"pg-gb55-69f3ba0ea43dd-1\"  class=\"panel-grid panel-no-style\" ><div id=\"pgc-gb55-69f3ba0ea43dd-1-0\"  class=\"panel-grid-cell\" ><div id=\"panel-gb55-69f3ba0ea43dd-1-0-0\" class=\"so-panel widget widget_text panel-first-child\" data-index=\"2\" ><h3 class=\"widget-title\">Osman Yoncaova<\/h3>\t\t\t<div class=\"textwidget\"><p><strong><span style=\"font-family: Verdana, sans-serif;\">Atem und Meditation<br \/>\npranayama \u2022\u00a0dhyana \u2022 yoga<br \/>\nmit Osman Yoncaova, Yogalehrer BDY\/EYU und IYP<\/span><\/strong><\/p>\n<p>&nbsp;<\/p>\n<p>Yoga bildet seit vielen Jahren einen kontinuierlichen Leitfaden durch mein Leben. Ich bin meiner ersten Lehrerin Tanja Sailer (IYP \u2013 Freiburg, Waldkirch) dankbar, dass sie mir das Tor zu den Tiefen des Yoga ge\u00f6ffnet hat. Bei ihr habe ich schlie\u00dflich auch meine Ausbildung zum Yogalehrer BDY\/EYU abgeschlossen.<\/p>\n<p>Diese Grundlage durfte ich bei Dr. Shrikrishna mit einer Fortbildung in pr\u0101\u1e47\u0101y\u0101ma und Meditation weiter vertiefen. Ich sch\u00e4tze es sehr, dass ich in einer kontinuierlichen Intensivgruppe weiterhin sein Sch\u00fcler bin. Durch ihn lerne ich, was es hei\u00dft, dass Yoga eine im Leben verankerte Tradition ist, die von Mensch zu Mensch weiter gegeben wird.<\/p>\n<p>Ich erfahre Yoga als eine mit dem Alltag verwobene Haltung. Es ist die Kunst, mehr davon verstehen zu lernen, wie wir allt\u00e4glich mit uns, mit anderen und mit der Welt in Beziehung sind. Dabei entfaltet sich allm\u00e4hlich das in uns allen vorhandene Potenzial f\u00fcr Sch\u00f6nheit.<\/p>\n<p>Mit Yoga in die Tiefe des Lebens schauen \u2013 das ist, was ich mit meinen Lehrerinnen und Lehrern erleben durfte, das ist was ich gerne mit anderen teile und weitergebe.<\/p>\n<p>Osman<\/p>\n<p>Kontakt:<br \/>\natmen(\u00e4t)atmendesyoga(punkt)de<br \/>\nt: 0561 430 841 99<\/p>\n<\/div>\n\t\t<\/div><div id=\"panel-gb55-69f3ba0ea43dd-1-0-1\" class=\"so-panel widget widget_text panel-last-child\" data-index=\"3\" >\t\t\t<div class=\"textwidget\"><p align=\"right\"><span style=\"font-family: Verdana, sans-serif;\"><span style=\"font-size: xx-small;\">Foto: Bernd Fuhrich<\/span><\/span><\/p>\n<\/div>\n\t\t<\/div><\/div><\/div><div id=\"pg-gb55-69f3ba0ea43dd-2\"  class=\"panel-grid panel-no-style\" ><div id=\"pgc-gb55-69f3ba0ea43dd-2-0\"  class=\"panel-grid-cell panel-grid-cell-empty\" ><\/div><div id=\"pgc-gb55-69f3ba0ea43dd-2-1\"  class=\"panel-grid-cell panel-grid-cell-mobile-last\" ><div id=\"panel-gb55-69f3ba0ea43dd-2-1-0\" class=\"so-panel widget widget_media_image panel-first-child panel-last-child\" data-index=\"4\" ><div class=\"kleine-sonne panel-widget-style panel-widget-style-for-gb55-69f3ba0ea43dd-2-1-0\" ><img loading=\"lazy\" decoding=\"async\" width=\"50\" height=\"51\" src=\"https:\/\/atmendesyoga.de\/wp-content\/uploads\/2019\/11\/sonne_50x50.jpg\" class=\"image wp-image-66  attachment-full size-full\" alt=\"\" style=\"max-width: 100%; height: auto;\" \/><\/div><\/div><\/div><div id=\"pgc-gb55-69f3ba0ea43dd-2-2\"  class=\"panel-grid-cell panel-grid-cell-empty\" ><\/div><\/div><\/div>","protected":false},"excerpt":{"rendered":"<p>w\u00e4hrend im wind die bl\u00e4tter sacht schaukeln erkenne ich manchmal das l\u00e4cheln meines herzens schaukelnd mit dem wind und den bl\u00e4ttern Atem und Meditation pranayama \u2022\u00a0dhyana \u2022 yoga mit Osman Yoncaova, Yogalehrer BDY\/EYU und IYP &nbsp; Yoga bildet seit vielen<\/p>\n","protected":false},"author":1,"featured_media":0,"parent":0,"menu_order":0,"comment_status":"closed","ping_status":"closed","template":"","meta":{"footnotes":""},"class_list":["post-55","page","type-page","status-publish","hentry"],"yoast_head":"<!-- This site is optimized with the Yoast SEO plugin v27.5 - https:\/\/yoast.com\/product\/yoast-seo-wordpress\/ -->\n<title>OsmanYoncaova - atmendesyoga<\/title>\n<meta name=\"description\" content=\"Pranayama Dhyana Yoga - Atem, Meditation und Yoga mit Osman Yoncaova Yogalehrer BDY\/EYU und IYP. Weiterbildung in Pranayama bei Dr. Shrikrishna\" \/>\n<meta name=\"robots\" content=\"index, follow, max-snippet:-1, max-image-preview:large, max-video-preview:-1\" \/>\n<link rel=\"canonical\" href=\"https:\/\/atmendesyoga.de\/?page_id=55\" \/>\n<meta property=\"og:locale\" content=\"de_DE\" \/>\n<meta property=\"og:type\" content=\"article\" \/>\n<meta property=\"og:title\" content=\"OsmanYoncaova - atmendesyoga\" \/>\n<meta property=\"og:description\" content=\"Pranayama Dhyana Yoga - Atem, Meditation und Yoga mit Osman Yoncaova Yogalehrer BDY\/EYU und IYP. Weiterbildung in Pranayama bei Dr. Shrikrishna\" \/>\n<meta property=\"og:url\" content=\"https:\/\/atmendesyoga.de\/?page_id=55\" \/>\n<meta property=\"og:site_name\" content=\"Atmendesyoga\" \/>\n<meta property=\"article:modified_time\" content=\"2024-01-23T08:50:59+00:00\" \/>\n<meta property=\"og:image\" content=\"https:\/\/atmendesyoga.de\/wp-content\/uploads\/2019\/11\/Portrait_400x400px-300x300.jpg\" \/>\n<meta name=\"twitter:card\" content=\"summary_large_image\" \/>\n<meta name=\"twitter:label1\" content=\"Gesch\u00e4tzte Lesezeit\" \/>\n\t<meta name=\"twitter:data1\" content=\"2\u00a0Minuten\" \/>\n<script type=\"application\/ld+json\" class=\"yoast-schema-graph\">{\"@context\":\"https:\\\/\\\/schema.org\",\"@graph\":[{\"@type\":\"WebPage\",\"@id\":\"https:\\\/\\\/atmendesyoga.de\\\/?page_id=55\",\"url\":\"https:\\\/\\\/atmendesyoga.de\\\/?page_id=55\",\"name\":\"OsmanYoncaova - atmendesyoga\",\"isPartOf\":{\"@id\":\"https:\\\/\\\/atmendesyoga.de\\\/#website\"},\"primaryImageOfPage\":{\"@id\":\"https:\\\/\\\/atmendesyoga.de\\\/?page_id=55#primaryimage\"},\"image\":{\"@id\":\"https:\\\/\\\/atmendesyoga.de\\\/?page_id=55#primaryimage\"},\"thumbnailUrl\":\"https:\\\/\\\/atmendesyoga.de\\\/wp-content\\\/uploads\\\/2019\\\/11\\\/Portrait_400x400px-300x300.jpg\",\"datePublished\":\"2019-11-12T13:55:51+00:00\",\"dateModified\":\"2024-01-23T08:50:59+00:00\",\"description\":\"Pranayama Dhyana Yoga - Atem, Meditation und Yoga mit Osman Yoncaova Yogalehrer BDY\\\/EYU und IYP. Weiterbildung in Pranayama bei Dr. Shrikrishna\",\"breadcrumb\":{\"@id\":\"https:\\\/\\\/atmendesyoga.de\\\/?page_id=55#breadcrumb\"},\"inLanguage\":\"de\",\"potentialAction\":[{\"@type\":\"ReadAction\",\"target\":[\"https:\\\/\\\/atmendesyoga.de\\\/?page_id=55\"]}]},{\"@type\":\"ImageObject\",\"inLanguage\":\"de\",\"@id\":\"https:\\\/\\\/atmendesyoga.de\\\/?page_id=55#primaryimage\",\"url\":\"https:\\\/\\\/atmendesyoga.de\\\/wp-content\\\/uploads\\\/2019\\\/11\\\/Portrait_400x400px.jpg\",\"contentUrl\":\"https:\\\/\\\/atmendesyoga.de\\\/wp-content\\\/uploads\\\/2019\\\/11\\\/Portrait_400x400px.jpg\",\"width\":400,\"height\":402},{\"@type\":\"BreadcrumbList\",\"@id\":\"https:\\\/\\\/atmendesyoga.de\\\/?page_id=55#breadcrumb\",\"itemListElement\":[{\"@type\":\"ListItem\",\"position\":1,\"name\":\"Startseite\",\"item\":\"https:\\\/\\\/atmendesyoga.de\\\/\"},{\"@type\":\"ListItem\",\"position\":2,\"name\":\"Osman\"}]},{\"@type\":\"WebSite\",\"@id\":\"https:\\\/\\\/atmendesyoga.de\\\/#website\",\"url\":\"https:\\\/\\\/atmendesyoga.de\\\/\",\"name\":\"Atmendesyoga\",\"description\":\"\",\"potentialAction\":[{\"@type\":\"SearchAction\",\"target\":{\"@type\":\"EntryPoint\",\"urlTemplate\":\"https:\\\/\\\/atmendesyoga.de\\\/?s={search_term_string}\"},\"query-input\":{\"@type\":\"PropertyValueSpecification\",\"valueRequired\":true,\"valueName\":\"search_term_string\"}}],\"inLanguage\":\"de\"}]}<\/script>\n<!-- \/ Yoast SEO plugin. -->","yoast_head_json":{"title":"OsmanYoncaova - atmendesyoga","description":"Pranayama Dhyana Yoga - Atem, Meditation und Yoga mit Osman Yoncaova Yogalehrer BDY\/EYU und IYP. Weiterbildung in Pranayama bei Dr. Shrikrishna","robots":{"index":"index","follow":"follow","max-snippet":"max-snippet:-1","max-image-preview":"max-image-preview:large","max-video-preview":"max-video-preview:-1"},"canonical":"https:\/\/atmendesyoga.de\/?page_id=55","og_locale":"de_DE","og_type":"article","og_title":"OsmanYoncaova - atmendesyoga","og_description":"Pranayama Dhyana Yoga - Atem, Meditation und Yoga mit Osman Yoncaova Yogalehrer BDY\/EYU und IYP. Weiterbildung in Pranayama bei Dr. Shrikrishna","og_url":"https:\/\/atmendesyoga.de\/?page_id=55","og_site_name":"Atmendesyoga","article_modified_time":"2024-01-23T08:50:59+00:00","og_image":[{"url":"https:\/\/atmendesyoga.de\/wp-content\/uploads\/2019\/11\/Portrait_400x400px-300x300.jpg","type":"","width":"","height":""}],"twitter_card":"summary_large_image","twitter_misc":{"Gesch\u00e4tzte Lesezeit":"2\u00a0Minuten"},"schema":{"@context":"https:\/\/schema.org","@graph":[{"@type":"WebPage","@id":"https:\/\/atmendesyoga.de\/?page_id=55","url":"https:\/\/atmendesyoga.de\/?page_id=55","name":"OsmanYoncaova - atmendesyoga","isPartOf":{"@id":"https:\/\/atmendesyoga.de\/#website"},"primaryImageOfPage":{"@id":"https:\/\/atmendesyoga.de\/?page_id=55#primaryimage"},"image":{"@id":"https:\/\/atmendesyoga.de\/?page_id=55#primaryimage"},"thumbnailUrl":"https:\/\/atmendesyoga.de\/wp-content\/uploads\/2019\/11\/Portrait_400x400px-300x300.jpg","datePublished":"2019-11-12T13:55:51+00:00","dateModified":"2024-01-23T08:50:59+00:00","description":"Pranayama Dhyana Yoga - Atem, Meditation und Yoga mit Osman Yoncaova Yogalehrer BDY\/EYU und IYP. Weiterbildung in Pranayama bei Dr. Shrikrishna","breadcrumb":{"@id":"https:\/\/atmendesyoga.de\/?page_id=55#breadcrumb"},"inLanguage":"de","potentialAction":[{"@type":"ReadAction","target":["https:\/\/atmendesyoga.de\/?page_id=55"]}]},{"@type":"ImageObject","inLanguage":"de","@id":"https:\/\/atmendesyoga.de\/?page_id=55#primaryimage","url":"https:\/\/atmendesyoga.de\/wp-content\/uploads\/2019\/11\/Portrait_400x400px.jpg","contentUrl":"https:\/\/atmendesyoga.de\/wp-content\/uploads\/2019\/11\/Portrait_400x400px.jpg","width":400,"height":402},{"@type":"BreadcrumbList","@id":"https:\/\/atmendesyoga.de\/?page_id=55#breadcrumb","itemListElement":[{"@type":"ListItem","position":1,"name":"Startseite","item":"https:\/\/atmendesyoga.de\/"},{"@type":"ListItem","position":2,"name":"Osman"}]},{"@type":"WebSite","@id":"https:\/\/atmendesyoga.de\/#website","url":"https:\/\/atmendesyoga.de\/","name":"Atmendesyoga","description":"","potentialAction":[{"@type":"SearchAction","target":{"@type":"EntryPoint","urlTemplate":"https:\/\/atmendesyoga.de\/?s={search_term_string}"},"query-input":{"@type":"PropertyValueSpecification","valueRequired":true,"valueName":"search_term_string"}}],"inLanguage":"de"}]}},"_links":{"self":[{"href":"https:\/\/atmendesyoga.de\/index.php?rest_route=\/wp\/v2\/pages\/55","targetHints":{"allow":["GET"]}}],"collection":[{"href":"https:\/\/atmendesyoga.de\/index.php?rest_route=\/wp\/v2\/pages"}],"about":[{"href":"https:\/\/atmendesyoga.de\/index.php?rest_route=\/wp\/v2\/types\/page"}],"author":[{"embeddable":true,"href":"https:\/\/atmendesyoga.de\/index.php?rest_route=\/wp\/v2\/users\/1"}],"replies":[{"embeddable":true,"href":"https:\/\/atmendesyoga.de\/index.php?rest_route=%2Fwp%2Fv2%2Fcomments&post=55"}],"version-history":[{"count":28,"href":"https:\/\/atmendesyoga.de\/index.php?rest_route=\/wp\/v2\/pages\/55\/revisions"}],"predecessor-version":[{"id":2216,"href":"https:\/\/atmendesyoga.de\/index.php?rest_route=\/wp\/v2\/pages\/55\/revisions\/2216"}],"wp:attachment":[{"href":"https:\/\/atmendesyoga.de\/index.php?rest_route=%2Fwp%2Fv2%2Fmedia&parent=55"}],"curies":[{"name":"wp","href":"https:\/\/api.w.org\/{rel}","templated":true}]}}

<div id="pl-gb55-69f3ba0ea43dd"  class="panel-layout" ><div id="pg-gb55-69f3ba0ea43dd-0"  class="panel-grid panel-no-style" ><div id="pgc-gb55-69f3ba0ea43dd-0-0"  class="panel-grid-cell" ><div id="panel-gb55-69f3ba0ea43dd-0-0-0" class="so-panel widget widget_media_image panel-first-child panel-last-child" data-index="0" ><img loading="lazy" decoding="async" width="300" height="300" src="https://atmendesyoga.de/wp-content/uploads/2019/11/Portrait_400x400px-300x300.jpg" class="image wp-image-121  attachment-medium size-medium" alt="" style="max-width: 100%; height: auto;" srcset="https://atmendesyoga.de/wp-content/uploads/2019/11/Portrait_400x400px-300x300.jpg 300w, https://atmendesyoga.de/wp-content/uploads/2019/11/Portrait_400x400px-150x150.jpg 150w, https://atmendesyoga.de/wp-content/uploads/2019/11/Portrait_400x400px-270x270.jpg 270w, https://atmendesyoga.de/wp-content/uploads/2019/11/Portrait_400x400px-230x230.jpg 230w" sizes="auto, (max-width: 300px) 100vw, 300px" /></div></div><div id="pgc-gb55-69f3ba0ea43dd-0-1"  class="panel-grid-cell panel-grid-cell-empty" ></div><div id="pgc-gb55-69f3ba0ea43dd-0-2"  class="panel-grid-cell" ><div id="panel-gb55-69f3ba0ea43dd-0-2-0" class="so-panel widget widget_text panel-first-child panel-last-child" data-index="1" ><div class="panel-widget-style panel-widget-style-for-gb55-69f3ba0ea43dd-0-2-0" >			<div class="textwidget"><p><em>während im wind<br />
die blätter sacht schaukeln<br />
erkenne ich manchmal<br />
das lächeln meines herzens<br />
schaukelnd mit dem wind<br />
und den blättern</em></p>
</div>
		</div></div></div></div><div id="pg-gb55-69f3ba0ea43dd-1"  class="panel-grid panel-no-style" ><div id="pgc-gb55-69f3ba0ea43dd-1-0"  class="panel-grid-cell" ><div id="panel-gb55-69f3ba0ea43dd-1-0-0" class="so-panel widget widget_text panel-first-child" data-index="2" ><h3 class="widget-title">Osman Yoncaova</h3>			<div class="textwidget"><p><strong><span style="font-family: Verdana, sans-serif;">Atem und Meditation<br />
pranayama • dhyana • yoga<br />
mit Osman Yoncaova, Yogalehrer BDY/EYU und IYP</span></strong></p>
<p>&nbsp;</p>
<p>Yoga bildet seit vielen Jahren einen kontinuierlichen Leitfaden durch mein Leben. Ich bin meiner ersten Lehrerin Tanja Sailer (IYP – Freiburg, Waldkirch) dankbar, dass sie mir das Tor zu den Tiefen des Yoga geöffnet hat. Bei ihr habe ich schließlich auch meine Ausbildung zum Yogalehrer BDY/EYU abgeschlossen.</p>
<p>Diese Grundlage durfte ich bei Dr. Shrikrishna mit einer Fortbildung in prāṇāyāma und Meditation weiter vertiefen. Ich schätze es sehr, dass ich in einer kontinuierlichen Intensivgruppe weiterhin sein Schüler bin. Durch ihn lerne ich, was es heißt, dass Yoga eine im Leben verankerte Tradition ist, die von Mensch zu Mensch weiter gegeben wird.</p>
<p>Ich erfahre Yoga als eine mit dem Alltag verwobene Haltung. Es ist die Kunst, mehr davon verstehen zu lernen, wie wir alltäglich mit uns, mit anderen und mit der Welt in Beziehung sind. Dabei entfaltet sich allmählich das in uns allen vorhandene Potenzial für Schönheit.</p>
<p>Mit Yoga in die Tiefe des Lebens schauen – das ist, was ich mit meinen Lehrerinnen und Lehrern erleben durfte, das ist was ich gerne mit anderen teile und weitergebe.</p>
<p>Osman</p>
<p>Kontakt:<br />
atmen(ät)atmendesyoga(punkt)de<br />
t: 0561 430 841 99</p>
</div>
		</div><div id="panel-gb55-69f3ba0ea43dd-1-0-1" class="so-panel widget widget_text panel-last-child" data-index="3" >			<div class="textwidget"><p align="right"><span style="font-family: Verdana, sans-serif;"><span style="font-size: xx-small;">Foto: Bernd Fuhrich</span></span></p>
</div>
		</div></div></div><div id="pg-gb55-69f3ba0ea43dd-2"  class="panel-grid panel-no-style" ><div id="pgc-gb55-69f3ba0ea43dd-2-0"  class="panel-grid-cell panel-grid-cell-empty" ></div><div id="pgc-gb55-69f3ba0ea43dd-2-1"  class="panel-grid-cell panel-grid-cell-mobile-last" ><div id="panel-gb55-69f3ba0ea43dd-2-1-0" class="so-panel widget widget_media_image panel-first-child panel-last-child" data-index="4" ><div class="kleine-sonne panel-widget-style panel-widget-style-for-gb55-69f3ba0ea43dd-2-1-0" ><img loading="lazy" decoding="async" width="50" height="51" src="https://atmendesyoga.de/wp-content/uploads/2019/11/sonne_50x50.jpg" class="image wp-image-66  attachment-full size-full" alt="" style="max-width: 100%; height: auto;" /></div></div></div><div id="pgc-gb55-69f3ba0ea43dd-2-2"  class="panel-grid-cell panel-grid-cell-empty" ></div></div></div>

<p>während im wind die blätter sacht schaukeln erkenne ich manchmal das lächeln meines herzens schaukelnd mit dem wind und den blättern Atem und Meditation pranayama • dhyana • yoga mit Osman Yoncaova, Yogalehrer BDY/EYU und IYP &nbsp; Yoga bildet seit vielen</p>

<!-- This site is optimized with the Yoast SEO plugin v27.5 - https://yoast.com/product/yoast-seo-wordpress/ -->
<title>OsmanYoncaova - atmendesyoga</title>
<meta name="description" content="Pranayama Dhyana Yoga - Atem, Meditation und Yoga mit Osman Yoncaova Yogalehrer BDY/EYU und IYP. Weiterbildung in Pranayama bei Dr. Shrikrishna" />
<meta name="robots" content="index, follow, max-snippet:-1, max-image-preview:large, max-video-preview:-1" />
<link rel="canonical" href="https://atmendesyoga.de/?page_id=55" />
<meta property="og:locale" content="de_DE" />
<meta property="og:type" content="article" />
<meta property="og:title" content="OsmanYoncaova - atmendesyoga" />
<meta property="og:description" content="Pranayama Dhyana Yoga - Atem, Meditation und Yoga mit Osman Yoncaova Yogalehrer BDY/EYU und IYP. Weiterbildung in Pranayama bei Dr. Shrikrishna" />
<meta property="og:url" content="https://atmendesyoga.de/?page_id=55" />
<meta property="og:site_name" content="Atmendesyoga" />
<meta property="article:modified_time" content="2024-01-23T08:50:59+00:00" />
<meta property="og:image" content="https://atmendesyoga.de/wp-content/uploads/2019/11/Portrait_400x400px-300x300.jpg" />
<meta name="twitter:card" content="summary_large_image" />
<meta name="twitter:label1" content="Geschätzte Lesezeit" />
	<meta name="twitter:data1" content="2 Minuten" />
<script type="application/ld+json" class="yoast-schema-graph">{"@context":"https:\/\/schema.org","@graph":[{"@type":"WebPage","@id":"https:\/\/atmendesyoga.de\/?page_id=55","url":"https:\/\/atmendesyoga.de\/?page_id=55","name":"OsmanYoncaova - atmendesyoga","isPartOf":{"@id":"https:\/\/atmendesyoga.de\/#website"},"primaryImageOfPage":{"@id":"https:\/\/atmendesyoga.de\/?page_id=55#primaryimage"},"image":{"@id":"https:\/\/atmendesyoga.de\/?page_id=55#primaryimage"},"thumbnailUrl":"https:\/\/atmendesyoga.de\/wp-content\/uploads\/2019\/11\/Portrait_400x400px-300x300.jpg","datePublished":"2019-11-12T13:55:51+00:00","dateModified":"2024-01-23T08:50:59+00:00","description":"Pranayama Dhyana Yoga - Atem, Meditation und Yoga mit Osman Yoncaova Yogalehrer BDY\/EYU und IYP. Weiterbildung in Pranayama bei Dr. Shrikrishna","breadcrumb":{"@id":"https:\/\/atmendesyoga.de\/?page_id=55#breadcrumb"},"inLanguage":"de","potentialAction":[{"@type":"ReadAction","target":["https:\/\/atmendesyoga.de\/?page_id=55"]}]},{"@type":"ImageObject","inLanguage":"de","@id":"https:\/\/atmendesyoga.de\/?page_id=55#primaryimage","url":"https:\/\/atmendesyoga.de\/wp-content\/uploads\/2019\/11\/Portrait_400x400px.jpg","contentUrl":"https:\/\/atmendesyoga.de\/wp-content\/uploads\/2019\/11\/Portrait_400x400px.jpg","width":400,"height":402},{"@type":"BreadcrumbList","@id":"https:\/\/atmendesyoga.de\/?page_id=55#breadcrumb","itemListElement":[{"@type":"ListItem","position":1,"name":"Startseite","item":"https:\/\/atmendesyoga.de\/"},{"@type":"ListItem","position":2,"name":"Osman"}]},{"@type":"WebSite","@id":"https:\/\/atmendesyoga.de\/#website","url":"https:\/\/atmendesyoga.de\/","name":"Atmendesyoga","description":"","potentialAction":[{"@type":"SearchAction","target":{"@type":"EntryPoint","urlTemplate":"https:\/\/atmendesyoga.de\/?s={search_term_string}"},"query-input":{"@type":"PropertyValueSpecification","valueRequired":true,"valueName":"search_term_string"}}],"inLanguage":"de"}]}</script>
<!-- / Yoast SEO plugin. -->
